{"id":3790,"date":"2020-11-06T12:48:50","date_gmt":"2020-11-06T20:48:50","guid":{"rendered":"http:\/\/192.168.64.113\/?page_id=3790"},"modified":"2021-04-08T18:16:16","modified_gmt":"2021-04-08T18:16:16","slug":"intel-core-i9-x-series","status":"publish","type":"page","link":"https:\/\/www.asipartner.com\/montreal\/solutions\/gaming\/intel-core-i9-x-series\/","title":{"rendered":"Intel Core i9 X Series"},"content":{"rendered":"<p><div class=\"fusion-fullwidth fullwidth-box fusion-builder-row-1 fusion-flex-container nonhundred-percent-fullwidth non-hundred-percent-height-scrolling\" style=\"--awb-border-radius-top-left:0px;--awb-border-radius-top-right:0px;--awb-border-radius-bottom-right:0px;--awb-border-radius-bottom-left:0px;--awb-flex-wrap:wrap;\" ><div class=\"fusion-builder-row fusion-row fusion-flex-align-items-flex-start fusion-flex-content-wrap\" style=\"max-width:1248px;margin-left: calc(-4% \/ 2 );margin-right: calc(-4% \/ 2 );\"><div class=\"fusion-layout-column fusion_builder_column fusion-builder-column-0 fusion_builder_column_1_1 1_1 fusion-flex-column\" style=\"--awb-bg-size:cover;--awb-width-large:100%;--awb-margin-top-large:0px;--awb-spacing-right-large:1.92%;--awb-margin-bottom-large:20px;--awb-spacing-left-large:1.92%;--awb-width-medium:100%;--awb-order-medium:0;--awb-spacing-right-medium:1.92%;--awb-spacing-left-medium:1.92%;--awb-width-small:100%;--awb-order-small:0;--awb-spacing-right-small:1.92%;--awb-spacing-left-small:1.92%;\"><div class=\"fusion-column-wrapper fusion-column-has-shadow fusion-flex-justify-content-flex-start fusion-content-layout-column\"><div class=\"fusion-image-element \" style=\"--awb-caption-title-font-family:var(--h2_typography-font-family);--awb-caption-title-font-weight:var(--h2_typography-font-weight);--awb-caption-title-font-style:var(--h2_typography-font-style);--awb-caption-title-size:var(--h2_typography-font-size);--awb-caption-title-transform:var(--h2_typography-text-transform);--awb-caption-title-line-height:var(--h2_typography-line-height);--awb-caption-title-letter-spacing:var(--h2_typography-letter-spacing);\"><span class=\" fusion-imageframe imageframe-none imageframe-1 hover-type-none\"><img decoding=\"async\" width=\"1200\" height=\"200\" alt=\"Intel Core i9 X Series Banner\" title=\"Intel Core i9 X Series Banner\" src=\"https:\/\/www.asipartner.com\/montreal\/wp-content\/uploads\/sites\/3\/2021\/04\/IntelCorei9XSeriesBanner_FR.jpg\" class=\"img-responsive wp-image-6714\" srcset=\"https:\/\/www.asipartner.com\/montreal\/wp-content\/uploads\/sites\/3\/2021\/04\/IntelCorei9XSeriesBanner_FR-200x33.jpg 200w, https:\/\/www.asipartner.com\/montreal\/wp-content\/uploads\/sites\/3\/2021\/04\/IntelCorei9XSeriesBanner_FR-400x67.jpg 400w, https:\/\/www.asipartner.com\/montreal\/wp-content\/uploads\/sites\/3\/2021\/04\/IntelCorei9XSeriesBanner_FR-600x100.jpg 600w, https:\/\/www.asipartner.com\/montreal\/wp-content\/uploads\/sites\/3\/2021\/04\/IntelCorei9XSeriesBanner_FR-800x133.jpg 800w, https:\/\/www.asipartner.com\/montreal\/wp-content\/uploads\/sites\/3\/2021\/04\/IntelCorei9XSeriesBanner_FR.jpg 1200w\" sizes=\"(max-width: 640px) 100vw, 1200px\" \/><\/span><\/div><\/div><\/div><\/div><\/div><div class=\"fusion-fullwidth fullwidth-box fusion-builder-row-2 fusion-flex-container nonhundred-percent-fullwidth non-hundred-percent-height-scrolling\" style=\"--awb-border-radius-top-left:0px;--awb-border-radius-top-right:0px;--awb-border-radius-bottom-right:0px;--awb-border-radius-bottom-left:0px;--awb-flex-wrap:wrap;\" ><div class=\"fusion-builder-row fusion-row fusion-flex-align-items-flex-start fusion-flex-content-wrap\" style=\"max-width:1248px;margin-left: calc(-4% \/ 2 );margin-right: calc(-4% \/ 2 );\"><div class=\"fusion-layout-column fusion_builder_column fusion-builder-column-1 fusion_builder_column_1_1 1_1 fusion-flex-column\" style=\"--awb-bg-size:cover;--awb-width-large:100%;--awb-margin-top-large:0px;--awb-spacing-right-large:1.92%;--awb-margin-bottom-large:20px;--awb-spacing-left-large:1.92%;--awb-width-medium:100%;--awb-order-medium:0;--awb-spacing-right-medium:1.92%;--awb-spacing-left-medium:1.92%;--awb-width-small:100%;--awb-order-small:0;--awb-spacing-right-small:1.92%;--awb-spacing-left-small:1.92%;\"><div class=\"fusion-column-wrapper fusion-column-has-shadow fusion-flex-justify-content-flex-start fusion-content-layout-column\"><div class=\"fusion-text fusion-text-1\"><h4>Processeurs Intel Core i9 X-series de 10e g\u00e9n\u00e9ration<\/h4>\n<p>Les utilisateurs d&rsquo;ordinateurs HEDT (High End Desktop) ont souvent \u00e9t\u00e9 d\u00e9crits comme des passionn\u00e9s ou des joueurs, mais la cat\u00e9gorie est beaucoup plus large car les utilisateurs de PC d&rsquo;aujourd&rsquo;hui n&rsquo;effectuent pas seulement des t\u00e2ches de calcul de base ou traditionnelles, mais effectuent \u00e9galement un multit\u00e2che intensif qui comprend le montage vid\u00e9o simultan\u00e9. , production vid\u00e9o et streaming. De plus, de plus en plus d&rsquo;utilisateurs effectuent des t\u00e2ches intensives de calcul telles que travailler avec de grandes bases de donn\u00e9es ou des calculs math\u00e9matiques complexes, ou faire des animations 3D, qui n\u00e9cessitent toutes plus de puissance de processeur. Intel aborde ce segment avec sa s\u00e9rie de processeurs Core i9 X qui combinent un nombre de c\u0153urs plus \u00e9lev\u00e9, plus de GHz, plus de voies PCIe et d&rsquo;autres technologies telles que Turbo Boost 3.0 et la conception de topologie maill\u00e9e d&rsquo;Intel pour offrir des performances sans pr\u00e9c\u00e9dent sur toute l&rsquo;extr\u00e9mit\u00e9 sup\u00e9rieure du bureau. march\u00e9.<\/p>\n<p>La s\u00e9rie de processeurs Intel Core i9 X de 10e g\u00e9n\u00e9ration, nomm\u00e9e de code Cascade Lake X, est une famille de produits multic\u0153urs allant de 10 \u00e0 18 c\u0153urs, prenant en charge Intel Hyper-threading sur toute la pile et offrant des vitesses d&rsquo;horloge plus \u00e9lev\u00e9es, mais ces ne sont pas les seuls diff\u00e9renciateurs de ces processeurs.<\/p>\n<h5><strong>Conception de maillage<\/strong><\/h5>\n<p>Le Cascade Lake X est bas\u00e9 sur la microarchitecture Skylake X, qui a vu l&rsquo;introduction de la topologie maill\u00e9e d&rsquo;Intel pour la communication entre les c\u0153urs de processeur plut\u00f4t que sur la conception traditionnelle en anneau. La topologie de maillage a \u00e9t\u00e9 initialement d\u00e9velopp\u00e9e sur le Xeon Phi Knights Landing et est utilis\u00e9e sur la famille Xeon Scalable, mais avec Skylake-X ainsi que Cascade Lake-X, la conception de maillage est maintenant utilis\u00e9e sur les processeurs de bureau. L&rsquo;importance avec la conception de maillage est la latence r\u00e9duite dans la communication entre les c\u0153urs de processeur. Avec la conception de l&rsquo;anneau, les noyaux \u00e9taient reli\u00e9s par un anneau qui entoure les noyaux. Si un noyau particulier avait besoin d&rsquo;informations d&rsquo;un autre noyau, la communication suivait le long de l&rsquo;anneau jusqu&rsquo;\u00e0 ce qu&rsquo;elle atteigne le noyau appropri\u00e9. Cette m\u00e9thode \u00e9tait tr\u00e8s efficace avec des configurations de base de huit ou moins, mais comme plus de c\u0153urs \u00e9taient introduits, plus de retards se produisaient dans la communication. Cela \u00e9tait \u00e9vident avec l&rsquo;un des premiers processeurs passionn\u00e9s haut de gamme, le Broadwell-E, qui utilisait une topologie en anneau pour connecter les 12 c\u0153urs, mais cela s&rsquo;est av\u00e9r\u00e9 tr\u00e8s encombrant. La conception maill\u00e9e permet \u00e0 la communication entre les processeurs d&rsquo;\u00eatre plus efficace et avec moins de latence, ce qui contribue \u00e0 am\u00e9liorer les performances du processeur.<\/p>\n<h5><strong>Nouvelle technologie Intel Turbo Boost Max 3.0<\/strong><\/h5>\n<p>La technologie Intel Turbo Boost Max 3.0 a \u00e9t\u00e9 introduite avec le Core i7-7820X et est diff\u00e9rente de Intel Turbo Boost. Intel Turbo Boost offre une augmentation des performances pr\u00e9d\u00e9finie sur tous les c\u0153urs de processeur pour tout type d&rsquo;application tant que le processeur lui-m\u00eame fonctionne dans les limites de puissance, de temp\u00e9rature et de sp\u00e9cifications. Avec la version am\u00e9lior\u00e9e de la technologie Intel Turbo Boost Max 3.0 sur les processeurs Intel Cascade Lake-X, l&rsquo;outil \u00e9value les performances du c\u0153ur pour d\u00e9terminer les c\u0153urs les plus performants, puis augmente automatiquement ces c\u0153urs \u00e0 sa capacit\u00e9 maximale lors de l&rsquo;ex\u00e9cution d&rsquo;applications \u00e0 un seul thread. Le r\u00e9sultat est des fr\u00e9quences l\u00e9g\u00e8rement plus \u00e9lev\u00e9es en turbo boost car les meilleurs c\u0153urs sont utilis\u00e9s.<\/p>\n<h5><strong>Prise en charge des voies et de la m\u00e9moire PCIe 3.0<\/strong><\/h5>\n<p>Au niveau de la plate-forme, les processeurs Intel de la s\u00e9rie X de 10e g\u00e9n\u00e9ration prendront en charge jusqu&rsquo;\u00e0 256 Go de m\u00e9moire DDR4-2933. Si vous incluez les voies HSIO qui sont r\u00e9serv\u00e9es aux fabricants de cartes m\u00e8res \u00e0 utiliser dans leurs conceptions, il y aura jusqu&rsquo;\u00e0 72 voies PCIe 3.0. Le processeur lui-m\u00eame prendra en charge 48 voies PCIe 3.0, soit une augmentation de 4 voies par rapport \u00e0 la g\u00e9n\u00e9ration pr\u00e9c\u00e9dente.<\/p>\n<\/div>\n<div class=\"table-1\">\n<table width=\"100%\">\n<tbody>\n<tr>\n<td><strong>Processeur Intel<\/strong><\/td>\n<td><strong>Noyaux \/ Threads<\/strong><\/td>\n<td><strong>Horloge de base<\/strong><\/td>\n<td><strong>Turbo Boost<br \/>\nNoyaux<\/strong><\/td>\n<td><strong>Turbo Boost<br \/>\n3.0\/TB2.0<\/strong><\/td>\n<td><strong>Cache L3<\/strong><\/td>\n<td><strong>Socket \/MB Chipset \/ TDP<\/strong><\/td>\n<\/tr>\n<tr>\n<td><strong>Core i9-10980XE<\/strong><br \/>\nASI SKU <a href=\"\/montreal\/237494\">237494<\/a><\/td>\n<td>18\/36<\/td>\n<td>3.0GHz<\/td>\n<td>3.8GHz<\/td>\n<td>4.8\/4.6GHz<\/td>\n<td>24.75MB<\/td>\n<td>LGA2066 X299X\/X299 165W<\/td>\n<\/tr>\n<tr>\n<td><strong>Core i9-10940X<\/strong><br \/>\nASI SKU <a href=\"\/montreal\/237492\">237492<\/a><\/td>\n<td>14\/28<\/td>\n<td>3.3GHz<\/td>\n<td>4.1GHz<\/td>\n<td>4.8\/4.6GHz<\/td>\n<td>19.25MB<\/td>\n<td>LGA2066 X299X\/X299 165W<\/td>\n<\/tr>\n<tr>\n<td><strong>Core i9-10920X<\/strong><br \/>\nASI SKU <a href=\"\/montreal\/237490\">237490<\/a><\/td>\n<td>12\/24<\/td>\n<td>3.5GHz<\/td>\n<td>4.3GHz<\/td>\n<td>4.8\/4.6GHz<\/td>\n<td>19.25MB<\/td>\n<td>LGA2066 X299X\/X299 165W<\/td>\n<\/tr>\n<tr>\n<td><strong>Core i9-10900X<\/strong><br \/>\nASI SKU <a href=\"\/montreal\/237487\">237487<\/a><\/td>\n<td>10\/20<\/td>\n<td>3.7GHz<\/td>\n<td>4.3GHz<\/td>\n<td>4.7\/4.5GHz<\/td>\n<td>19.25MB<\/td>\n<td>LGA2066 X299X\/X299 165W<\/td>\n<\/tr>\n<\/tbody>\n<\/table>\n<\/div>\n<\/div><\/div><\/div><\/div><\/p>\n","protected":false},"excerpt":{"rendered":"","protected":false},"author":3,"featured_media":0,"parent":3788,"menu_order":0,"comment_status":"closed","ping_status":"closed","template":"","meta":{"content-type":"","_monsterinsights_skip_tracking":false,"_monsterinsights_sitenote_active":false,"_monsterinsights_sitenote_note":"","_monsterinsights_sitenote_category":0,"footnotes":""},"class_list":["post-3790","page","type-page","status-publish","hentry"],"yoast_head":"<!-- This site is optimized with the Yoast SEO Premium plugin v26.3 (Yoast SEO v26.3) - https:\/\/yoast.com\/wordpress\/plugins\/seo\/ -->\n<title>Intel Core i9 X Series - ASI Montreal<\/title>\n<meta name=\"robots\" content=\"index, follow, max-snippet:-1, max-image-preview:large, max-video-preview:-1\" \/>\n<link rel=\"canonical\" href=\"https:\/\/www.asipartner.com\/montreal\/solutions\/gaming\/intel-core-i9-x-series\/\" \/>\n<meta property=\"og:locale\" content=\"fr_CA\" \/>\n<meta property=\"og:type\" content=\"article\" \/>\n<meta property=\"og:title\" content=\"Intel Core i9 X Series\" \/>\n<meta property=\"og:url\" content=\"https:\/\/www.asipartner.com\/montreal\/solutions\/gaming\/intel-core-i9-x-series\/\" \/>\n<meta property=\"og:site_name\" content=\"ASI Montreal\" \/>\n<meta property=\"article:modified_time\" content=\"2021-04-08T18:16:16+00:00\" \/>\n<meta name=\"twitter:card\" content=\"summary_large_image\" \/>\n<meta name=\"twitter:label1\" content=\"Estimation du temps de lecture\" \/>\n\t<meta name=\"twitter:data1\" content=\"5 minutes\" \/>\n<script type=\"application\/ld+json\" class=\"yoast-schema-graph\">{\"@context\":\"https:\/\/schema.org\",\"@graph\":[{\"@type\":\"WebPage\",\"@id\":\"https:\/\/www.asipartner.com\/montreal\/solutions\/gaming\/intel-core-i9-x-series\/\",\"url\":\"https:\/\/www.asipartner.com\/montreal\/solutions\/gaming\/intel-core-i9-x-series\/\",\"name\":\"Intel Core i9 X Series - ASI Montreal\",\"isPartOf\":{\"@id\":\"https:\/\/www.asipartner.com\/montreal\/#website\"},\"datePublished\":\"2020-11-06T20:48:50+00:00\",\"dateModified\":\"2021-04-08T18:16:16+00:00\",\"breadcrumb\":{\"@id\":\"https:\/\/www.asipartner.com\/montreal\/solutions\/gaming\/intel-core-i9-x-series\/#breadcrumb\"},\"inLanguage\":\"fr-CA\",\"potentialAction\":[{\"@type\":\"ReadAction\",\"target\":[\"https:\/\/www.asipartner.com\/montreal\/solutions\/gaming\/intel-core-i9-x-series\/\"]}]},{\"@type\":\"BreadcrumbList\",\"@id\":\"https:\/\/www.asipartner.com\/montreal\/solutions\/gaming\/intel-core-i9-x-series\/#breadcrumb\",\"itemListElement\":[{\"@type\":\"ListItem\",\"position\":1,\"name\":\"Home\",\"item\":\"https:\/\/www.asipartner.com\/montreal\/\"},{\"@type\":\"ListItem\",\"position\":2,\"name\":\"Solutions\",\"item\":\"https:\/\/www.asipartner.com\/montreal\/solutions\/\"},{\"@type\":\"ListItem\",\"position\":3,\"name\":\"Gaming\",\"item\":\"https:\/\/www.asipartner.com\/montreal\/solutions\/gaming\/\"},{\"@type\":\"ListItem\",\"position\":4,\"name\":\"Intel Core i9 X Series\"}]},{\"@type\":\"WebSite\",\"@id\":\"https:\/\/www.asipartner.com\/montreal\/#website\",\"url\":\"https:\/\/www.asipartner.com\/montreal\/\",\"name\":\"ASI Montreal\",\"description\":\"Just another ASI Partner Sites site\",\"potentialAction\":[{\"@type\":\"SearchAction\",\"target\":{\"@type\":\"EntryPoint\",\"urlTemplate\":\"https:\/\/www.asipartner.com\/montreal\/?s={search_term_string}\"},\"query-input\":{\"@type\":\"PropertyValueSpecification\",\"valueRequired\":true,\"valueName\":\"search_term_string\"}}],\"inLanguage\":\"fr-CA\"}]}<\/script>\n<!-- \/ Yoast SEO Premium plugin. -->","yoast_head_json":{"title":"Intel Core i9 X Series - ASI Montreal","robots":{"index":"index","follow":"follow","max-snippet":"max-snippet:-1","max-image-preview":"max-image-preview:large","max-video-preview":"max-video-preview:-1"},"canonical":"https:\/\/www.asipartner.com\/montreal\/solutions\/gaming\/intel-core-i9-x-series\/","og_locale":"fr_CA","og_type":"article","og_title":"Intel Core i9 X Series","og_url":"https:\/\/www.asipartner.com\/montreal\/solutions\/gaming\/intel-core-i9-x-series\/","og_site_name":"ASI Montreal","article_modified_time":"2021-04-08T18:16:16+00:00","twitter_card":"summary_large_image","twitter_misc":{"Estimation du temps de lecture":"5 minutes"},"schema":{"@context":"https:\/\/schema.org","@graph":[{"@type":"WebPage","@id":"https:\/\/www.asipartner.com\/montreal\/solutions\/gaming\/intel-core-i9-x-series\/","url":"https:\/\/www.asipartner.com\/montreal\/solutions\/gaming\/intel-core-i9-x-series\/","name":"Intel Core i9 X Series - ASI Montreal","isPartOf":{"@id":"https:\/\/www.asipartner.com\/montreal\/#website"},"datePublished":"2020-11-06T20:48:50+00:00","dateModified":"2021-04-08T18:16:16+00:00","breadcrumb":{"@id":"https:\/\/www.asipartner.com\/montreal\/solutions\/gaming\/intel-core-i9-x-series\/#breadcrumb"},"inLanguage":"fr-CA","potentialAction":[{"@type":"ReadAction","target":["https:\/\/www.asipartner.com\/montreal\/solutions\/gaming\/intel-core-i9-x-series\/"]}]},{"@type":"BreadcrumbList","@id":"https:\/\/www.asipartner.com\/montreal\/solutions\/gaming\/intel-core-i9-x-series\/#breadcrumb","itemListElement":[{"@type":"ListItem","position":1,"name":"Home","item":"https:\/\/www.asipartner.com\/montreal\/"},{"@type":"ListItem","position":2,"name":"Solutions","item":"https:\/\/www.asipartner.com\/montreal\/solutions\/"},{"@type":"ListItem","position":3,"name":"Gaming","item":"https:\/\/www.asipartner.com\/montreal\/solutions\/gaming\/"},{"@type":"ListItem","position":4,"name":"Intel Core i9 X Series"}]},{"@type":"WebSite","@id":"https:\/\/www.asipartner.com\/montreal\/#website","url":"https:\/\/www.asipartner.com\/montreal\/","name":"ASI Montreal","description":"Just another ASI Partner Sites site","potentialAction":[{"@type":"SearchAction","target":{"@type":"EntryPoint","urlTemplate":"https:\/\/www.asipartner.com\/montreal\/?s={search_term_string}"},"query-input":{"@type":"PropertyValueSpecification","valueRequired":true,"valueName":"search_term_string"}}],"inLanguage":"fr-CA"}]}},"_links":{"self":[{"href":"https:\/\/www.asipartner.com\/montreal\/wp-json\/wp\/v2\/pages\/3790","targetHints":{"allow":["GET"]}}],"collection":[{"href":"https:\/\/www.asipartner.com\/montreal\/wp-json\/wp\/v2\/pages"}],"about":[{"href":"https:\/\/www.asipartner.com\/montreal\/wp-json\/wp\/v2\/types\/page"}],"author":[{"embeddable":true,"href":"https:\/\/www.asipartner.com\/montreal\/wp-json\/wp\/v2\/users\/3"}],"replies":[{"embeddable":true,"href":"https:\/\/www.asipartner.com\/montreal\/wp-json\/wp\/v2\/comments?post=3790"}],"version-history":[{"count":6,"href":"https:\/\/www.asipartner.com\/montreal\/wp-json\/wp\/v2\/pages\/3790\/revisions"}],"predecessor-version":[{"id":6756,"href":"https:\/\/www.asipartner.com\/montreal\/wp-json\/wp\/v2\/pages\/3790\/revisions\/6756"}],"up":[{"embeddable":true,"href":"https:\/\/www.asipartner.com\/montreal\/wp-json\/wp\/v2\/pages\/3788"}],"wp:attachment":[{"href":"https:\/\/www.asipartner.com\/montreal\/wp-json\/wp\/v2\/media?parent=3790"}],"curies":[{"name":"wp","href":"https:\/\/api.w.org\/{rel}","templated":true}]}}