{"id":3798,"date":"2020-11-06T12:54:58","date_gmt":"2020-11-06T20:54:58","guid":{"rendered":"http:\/\/192.168.64.113\/?page_id=3798"},"modified":"2021-04-07T18:19:36","modified_gmt":"2021-04-07T18:19:36","slug":"intel-optane-memory-h10","status":"publish","type":"page","link":"https:\/\/www.asipartner.com\/montreal\/solutions\/gaming\/intel-optane-memory-h10\/","title":{"rendered":"Intel Optane Memory H10"},"content":{"rendered":"<p><div class=\"fusion-fullwidth fullwidth-box fusion-builder-row-1 fusion-flex-container nonhundred-percent-fullwidth non-hundred-percent-height-scrolling\" style=\"--awb-border-radius-top-left:0px;--awb-border-radius-top-right:0px;--awb-border-radius-bottom-right:0px;--awb-border-radius-bottom-left:0px;--awb-flex-wrap:wrap;\" ><div class=\"fusion-builder-row fusion-row fusion-flex-align-items-flex-start fusion-flex-content-wrap\" style=\"max-width:1248px;margin-left: calc(-4% \/ 2 );margin-right: calc(-4% \/ 2 );\"><div class=\"fusion-layout-column fusion_builder_column fusion-builder-column-0 fusion_builder_column_1_1 1_1 fusion-flex-column\" style=\"--awb-bg-size:cover;--awb-width-large:100%;--awb-margin-top-large:0px;--awb-spacing-right-large:1.92%;--awb-margin-bottom-large:20px;--awb-spacing-left-large:1.92%;--awb-width-medium:100%;--awb-order-medium:0;--awb-spacing-right-medium:1.92%;--awb-spacing-left-medium:1.92%;--awb-width-small:100%;--awb-order-small:0;--awb-spacing-right-small:1.92%;--awb-spacing-left-small:1.92%;\"><div class=\"fusion-column-wrapper fusion-column-has-shadow fusion-flex-justify-content-flex-start fusion-content-layout-column\"><div class=\"fusion-image-element \" style=\"--awb-caption-title-font-family:var(--h2_typography-font-family);--awb-caption-title-font-weight:var(--h2_typography-font-weight);--awb-caption-title-font-style:var(--h2_typography-font-style);--awb-caption-title-size:var(--h2_typography-font-size);--awb-caption-title-transform:var(--h2_typography-text-transform);--awb-caption-title-line-height:var(--h2_typography-line-height);--awb-caption-title-letter-spacing:var(--h2_typography-letter-spacing);\"><span class=\" fusion-imageframe imageframe-none imageframe-1 hover-type-none\"><img decoding=\"async\" width=\"1200\" height=\"200\" alt=\"Intel Optane Memory H10\" title=\"Intel Optane Memory H10\" src=\"https:\/\/www.asipartner.com\/montreal\/wp-content\/uploads\/sites\/3\/2021\/04\/IntelOptaneMemoryH10_1200x200_FR.jpg\" class=\"img-responsive wp-image-6711\" srcset=\"https:\/\/www.asipartner.com\/montreal\/wp-content\/uploads\/sites\/3\/2021\/04\/IntelOptaneMemoryH10_1200x200_FR-200x33.jpg 200w, https:\/\/www.asipartner.com\/montreal\/wp-content\/uploads\/sites\/3\/2021\/04\/IntelOptaneMemoryH10_1200x200_FR-400x67.jpg 400w, https:\/\/www.asipartner.com\/montreal\/wp-content\/uploads\/sites\/3\/2021\/04\/IntelOptaneMemoryH10_1200x200_FR-600x100.jpg 600w, https:\/\/www.asipartner.com\/montreal\/wp-content\/uploads\/sites\/3\/2021\/04\/IntelOptaneMemoryH10_1200x200_FR-800x133.jpg 800w, https:\/\/www.asipartner.com\/montreal\/wp-content\/uploads\/sites\/3\/2021\/04\/IntelOptaneMemoryH10_1200x200_FR.jpg 1200w\" sizes=\"(max-width: 640px) 100vw, 1200px\" \/><\/span><\/div><\/div><\/div><\/div><\/div><div class=\"fusion-fullwidth fullwidth-box fusion-builder-row-2 fusion-flex-container nonhundred-percent-fullwidth non-hundred-percent-height-scrolling\" style=\"--awb-border-radius-top-left:0px;--awb-border-radius-top-right:0px;--awb-border-radius-bottom-right:0px;--awb-border-radius-bottom-left:0px;--awb-flex-wrap:wrap;\" ><div class=\"fusion-builder-row fusion-row fusion-flex-align-items-flex-start fusion-flex-content-wrap\" style=\"max-width:1248px;margin-left: calc(-4% \/ 2 );margin-right: calc(-4% \/ 2 );\"><div class=\"fusion-layout-column fusion_builder_column fusion-builder-column-1 fusion_builder_column_1_1 1_1 fusion-flex-column\" style=\"--awb-bg-size:cover;--awb-width-large:100%;--awb-margin-top-large:0px;--awb-spacing-right-large:1.92%;--awb-margin-bottom-large:20px;--awb-spacing-left-large:1.92%;--awb-width-medium:100%;--awb-order-medium:0;--awb-spacing-right-medium:1.92%;--awb-spacing-left-medium:1.92%;--awb-width-small:100%;--awb-order-small:0;--awb-spacing-right-small:1.92%;--awb-spacing-left-small:1.92%;\"><div class=\"fusion-column-wrapper fusion-column-has-shadow fusion-flex-justify-content-flex-start fusion-content-layout-column\"><div class=\"fusion-text fusion-text-1\"><p>La m\u00e9moire Intel Optane H10 est essentiellement un produit SSD hybride qui fusionne deux technologies Intel sur un p\u00e9riph\u00e9rique M.2 PCIe x 4. La solution SSD comprend la m\u00e9moire Intel Optane fonctionnant comme cache associ\u00e9e au SSD Intel 660P fonctionnant comme stockage. L&rsquo;avantage de combiner ces produits est que les consommateurs peuvent d\u00e9sormais am\u00e9liorer encore les performances de leur SSD gr\u00e2ce \u00e0 l&rsquo;ajout de la m\u00e9moire 3D Xpoint, qu&rsquo;Intel appelle Optane. La combinaison de stockage et de mise en cache est disponible en plusieurs versions, le cache \u00e9tant de 16 Go ou 32 Go et le stockage de 256 Go, 512 Go ou 1 To. Avec ce concept, Intel combine essentiellement deux produits PCIe x 2 sur un seul facteur de forme M.2, de sorte que l&rsquo;appareil divise en interne la voie PCIe x4 en deux voies PCIe x 2, une pour le cache m\u00e9moire Intel Optane et l&rsquo;autre pour Intel. 660P. La gestion de cette configuration rend l&rsquo;int\u00e9gration du H10 plus complexe que le simple ajout du module \u00e0 un syst\u00e8me. Il existe des consid\u00e9rations diff\u00e9rentes qui incluent la compatibilit\u00e9 du chipset, la compatibilit\u00e9 MB, la configuration appropri\u00e9e du slot M.2, le BIOS appropri\u00e9, les pilotes Windows appropri\u00e9s, le micrologiciel MB appropri\u00e9, ainsi que le pilote Intel RST correct et bien s\u00fbr la configuration correcte de toute la configuration. C&rsquo;est pour ces raisons que le H10 n&rsquo;est pas destin\u00e9 \u00e0 \u00eatre vendu en tant qu&rsquo;appareil autonome et est destin\u00e9 \u00e0 \u00eatre int\u00e9gr\u00e9 par le revendeur ou par ASI.<\/p>\n<\/div><div class=\"fusion-image-element \" style=\"--awb-caption-title-font-family:var(--h2_typography-font-family);--awb-caption-title-font-weight:var(--h2_typography-font-weight);--awb-caption-title-font-style:var(--h2_typography-font-style);--awb-caption-title-size:var(--h2_typography-font-size);--awb-caption-title-transform:var(--h2_typography-text-transform);--awb-caption-title-line-height:var(--h2_typography-line-height);--awb-caption-title-letter-spacing:var(--h2_typography-letter-spacing);\"><span class=\" fusion-imageframe imageframe-none imageframe-2 hover-type-none\"><img decoding=\"async\" width=\"840\" height=\"395\" alt=\"Bringing together two revolutionary technologies\" title=\"Bringing together two revolutionary technologies\" src=\"https:\/\/www.asipartner.com\/montreal\/wp-content\/uploads\/sites\/3\/2020\/12\/Intel-OMH101.jpg\" class=\"img-responsive wp-image-4812\" srcset=\"https:\/\/www.asipartner.com\/montreal\/wp-content\/uploads\/sites\/3\/2020\/12\/Intel-OMH101-200x94.jpg 200w, https:\/\/www.asipartner.com\/montreal\/wp-content\/uploads\/sites\/3\/2020\/12\/Intel-OMH101-400x188.jpg 400w, https:\/\/www.asipartner.com\/montreal\/wp-content\/uploads\/sites\/3\/2020\/12\/Intel-OMH101-600x282.jpg 600w, https:\/\/www.asipartner.com\/montreal\/wp-content\/uploads\/sites\/3\/2020\/12\/Intel-OMH101-800x376.jpg 800w, https:\/\/www.asipartner.com\/montreal\/wp-content\/uploads\/sites\/3\/2020\/12\/Intel-OMH101.jpg 840w\" sizes=\"(max-width: 640px) 100vw, 840px\" \/><\/span><\/div><div class=\"fusion-text fusion-text-2\"><h5><strong>Avantage du revendeur<\/strong><\/h5>\n<p>Pour les VAR qui construisent et marquent leur propre PC, la solution Intel Optane Memory H10 peut offrir plusieurs avantages. D&rsquo;abord et avant tout, l&rsquo;int\u00e9gration du H10 n\u00e9cessite des connaissances et une expertise qui ne peuvent \u00eatre fournies en achetant simplement le H10 en ligne ou en tant qu&rsquo;appareil autonome. Ce produit doit \u00eatre int\u00e9gr\u00e9 dans le cadre d&rsquo;un nouveau PC. De plus, les MNC utilisent principalement la technologie dans les ordinateurs portables de la s\u00e9rie Performance, donc rendre la solution disponible sur un ordinateur de bureau est un net avantage que les VAR peuvent offrir. Enfin, les VAR peuvent fournir \u00e0 leurs clients une autre solution qui am\u00e9liorera encore les performances de leur PC pour l&rsquo;informatique quotidienne, ce qui, \u00e0 terme, ajoute un autre niveau de diff\u00e9renciation pour distinguer leur marque.<\/p>\n<\/div><div class=\"fusion-text fusion-text-3\"><h5><strong>B\u00e9n\u00e9fice client<\/strong><\/h5>\n<p>Bien que la m\u00e9moire Intel Optane ait \u00e9t\u00e9 introduite \u00e0 l&rsquo;origine comme une solution pour am\u00e9liorer les performances des syst\u00e8mes qui utilisaient des disques rotatifs, elle offre \u00e9galement des avantages aux syst\u00e8mes qui utilisent des disques SSD, en particulier dans des sc\u00e9narios d&rsquo;utilisation r\u00e9els o\u00f9 les utilisateurs sont g\u00e9n\u00e9ralement engag\u00e9s dans des lectures mixtes et du multit\u00e2che \u00e0 faible profondeur de la file d&rsquo;attente. En d&rsquo;autres termes, les t\u00e2ches les plus courantes effectu\u00e9es par les utilisateurs typiques impliquent 70% de lecture et 30% d&rsquo;\u00e9criture, ainsi que l&rsquo;ouverture de 62 applications par jour qui peuvent s&rsquo;ex\u00e9cuter en arri\u00e8re-plan. Ces applications \u00e0 faible profondeur de file d&rsquo;attente incluent Word, Excel, Acrobat, Outlook, Photoshop Elements et Power Point. Avec une utilisation aussi \u00e9lev\u00e9e des fonctions de lecture, l&rsquo;utilisation du cache aura un impact profond sur les performances du syst\u00e8me.<\/p>\n<\/div><div class=\"fusion-image-element \" style=\"--awb-caption-title-font-family:var(--h2_typography-font-family);--awb-caption-title-font-weight:var(--h2_typography-font-weight);--awb-caption-title-font-style:var(--h2_typography-font-style);--awb-caption-title-size:var(--h2_typography-font-size);--awb-caption-title-transform:var(--h2_typography-text-transform);--awb-caption-title-line-height:var(--h2_typography-line-height);--awb-caption-title-letter-spacing:var(--h2_typography-letter-spacing);\"><span class=\" fusion-imageframe imageframe-none imageframe-3 hover-type-none\"><img decoding=\"async\" width=\"840\" height=\"390\" alt=\"Premium platform experience\" title=\"Premium platform experience\" src=\"https:\/\/www.asipartner.com\/montreal\/wp-content\/uploads\/sites\/3\/2020\/12\/Intel-OMH102.jpg\" class=\"img-responsive wp-image-4813\" srcset=\"https:\/\/www.asipartner.com\/montreal\/wp-content\/uploads\/sites\/3\/2020\/12\/Intel-OMH102-200x93.jpg 200w, https:\/\/www.asipartner.com\/montreal\/wp-content\/uploads\/sites\/3\/2020\/12\/Intel-OMH102-400x186.jpg 400w, https:\/\/www.asipartner.com\/montreal\/wp-content\/uploads\/sites\/3\/2020\/12\/Intel-OMH102-600x279.jpg 600w, https:\/\/www.asipartner.com\/montreal\/wp-content\/uploads\/sites\/3\/2020\/12\/Intel-OMH102-800x371.jpg 800w, https:\/\/www.asipartner.com\/montreal\/wp-content\/uploads\/sites\/3\/2020\/12\/Intel-OMH102.jpg 840w\" sizes=\"(max-width: 640px) 100vw, 840px\" \/><\/span><\/div><\/div><\/div><\/div><\/div><\/p>\n","protected":false},"excerpt":{"rendered":"","protected":false},"author":3,"featured_media":0,"parent":3788,"menu_order":0,"comment_status":"closed","ping_status":"closed","template":"","meta":{"content-type":"","_monsterinsights_skip_tracking":false,"_monsterinsights_sitenote_active":false,"_monsterinsights_sitenote_note":"","_monsterinsights_sitenote_category":0,"footnotes":""},"class_list":["post-3798","page","type-page","status-publish","hentry"],"yoast_head":"<!-- This site is optimized with the Yoast SEO Premium plugin v26.3 (Yoast SEO v26.3) - https:\/\/yoast.com\/wordpress\/plugins\/seo\/ -->\n<title>Intel Optane Memory H10 - ASI Montreal<\/title>\n<meta name=\"robots\" content=\"index, follow, max-snippet:-1, max-image-preview:large, max-video-preview:-1\" \/>\n<link rel=\"canonical\" href=\"https:\/\/www.asipartner.com\/montreal\/solutions\/gaming\/intel-optane-memory-h10\/\" \/>\n<meta property=\"og:locale\" content=\"fr_CA\" \/>\n<meta property=\"og:type\" content=\"article\" \/>\n<meta property=\"og:title\" content=\"Intel Optane Memory H10\" \/>\n<meta property=\"og:url\" content=\"https:\/\/www.asipartner.com\/montreal\/solutions\/gaming\/intel-optane-memory-h10\/\" \/>\n<meta property=\"og:site_name\" content=\"ASI Montreal\" \/>\n<meta property=\"article:modified_time\" content=\"2021-04-07T18:19:36+00:00\" \/>\n<meta name=\"twitter:card\" content=\"summary_large_image\" \/>\n<meta name=\"twitter:label1\" content=\"Estimation du temps de lecture\" \/>\n\t<meta name=\"twitter:data1\" content=\"9 minutes\" \/>\n<script type=\"application\/ld+json\" class=\"yoast-schema-graph\">{\"@context\":\"https:\/\/schema.org\",\"@graph\":[{\"@type\":\"WebPage\",\"@id\":\"https:\/\/www.asipartner.com\/montreal\/solutions\/gaming\/intel-optane-memory-h10\/\",\"url\":\"https:\/\/www.asipartner.com\/montreal\/solutions\/gaming\/intel-optane-memory-h10\/\",\"name\":\"Intel Optane Memory H10 - ASI Montreal\",\"isPartOf\":{\"@id\":\"https:\/\/www.asipartner.com\/montreal\/#website\"},\"datePublished\":\"2020-11-06T20:54:58+00:00\",\"dateModified\":\"2021-04-07T18:19:36+00:00\",\"breadcrumb\":{\"@id\":\"https:\/\/www.asipartner.com\/montreal\/solutions\/gaming\/intel-optane-memory-h10\/#breadcrumb\"},\"inLanguage\":\"fr-CA\",\"potentialAction\":[{\"@type\":\"ReadAction\",\"target\":[\"https:\/\/www.asipartner.com\/montreal\/solutions\/gaming\/intel-optane-memory-h10\/\"]}]},{\"@type\":\"BreadcrumbList\",\"@id\":\"https:\/\/www.asipartner.com\/montreal\/solutions\/gaming\/intel-optane-memory-h10\/#breadcrumb\",\"itemListElement\":[{\"@type\":\"ListItem\",\"position\":1,\"name\":\"Home\",\"item\":\"https:\/\/www.asipartner.com\/montreal\/\"},{\"@type\":\"ListItem\",\"position\":2,\"name\":\"Solutions\",\"item\":\"https:\/\/www.asipartner.com\/montreal\/solutions\/\"},{\"@type\":\"ListItem\",\"position\":3,\"name\":\"Gaming\",\"item\":\"https:\/\/www.asipartner.com\/montreal\/solutions\/gaming\/\"},{\"@type\":\"ListItem\",\"position\":4,\"name\":\"Intel Optane Memory H10\"}]},{\"@type\":\"WebSite\",\"@id\":\"https:\/\/www.asipartner.com\/montreal\/#website\",\"url\":\"https:\/\/www.asipartner.com\/montreal\/\",\"name\":\"ASI Montreal\",\"description\":\"Just another ASI Partner Sites site\",\"potentialAction\":[{\"@type\":\"SearchAction\",\"target\":{\"@type\":\"EntryPoint\",\"urlTemplate\":\"https:\/\/www.asipartner.com\/montreal\/?s={search_term_string}\"},\"query-input\":{\"@type\":\"PropertyValueSpecification\",\"valueRequired\":true,\"valueName\":\"search_term_string\"}}],\"inLanguage\":\"fr-CA\"}]}<\/script>\n<!-- \/ Yoast SEO Premium plugin. -->","yoast_head_json":{"title":"Intel Optane Memory H10 - ASI Montreal","robots":{"index":"index","follow":"follow","max-snippet":"max-snippet:-1","max-image-preview":"max-image-preview:large","max-video-preview":"max-video-preview:-1"},"canonical":"https:\/\/www.asipartner.com\/montreal\/solutions\/gaming\/intel-optane-memory-h10\/","og_locale":"fr_CA","og_type":"article","og_title":"Intel Optane Memory H10","og_url":"https:\/\/www.asipartner.com\/montreal\/solutions\/gaming\/intel-optane-memory-h10\/","og_site_name":"ASI Montreal","article_modified_time":"2021-04-07T18:19:36+00:00","twitter_card":"summary_large_image","twitter_misc":{"Estimation du temps de lecture":"9 minutes"},"schema":{"@context":"https:\/\/schema.org","@graph":[{"@type":"WebPage","@id":"https:\/\/www.asipartner.com\/montreal\/solutions\/gaming\/intel-optane-memory-h10\/","url":"https:\/\/www.asipartner.com\/montreal\/solutions\/gaming\/intel-optane-memory-h10\/","name":"Intel Optane Memory H10 - ASI Montreal","isPartOf":{"@id":"https:\/\/www.asipartner.com\/montreal\/#website"},"datePublished":"2020-11-06T20:54:58+00:00","dateModified":"2021-04-07T18:19:36+00:00","breadcrumb":{"@id":"https:\/\/www.asipartner.com\/montreal\/solutions\/gaming\/intel-optane-memory-h10\/#breadcrumb"},"inLanguage":"fr-CA","potentialAction":[{"@type":"ReadAction","target":["https:\/\/www.asipartner.com\/montreal\/solutions\/gaming\/intel-optane-memory-h10\/"]}]},{"@type":"BreadcrumbList","@id":"https:\/\/www.asipartner.com\/montreal\/solutions\/gaming\/intel-optane-memory-h10\/#breadcrumb","itemListElement":[{"@type":"ListItem","position":1,"name":"Home","item":"https:\/\/www.asipartner.com\/montreal\/"},{"@type":"ListItem","position":2,"name":"Solutions","item":"https:\/\/www.asipartner.com\/montreal\/solutions\/"},{"@type":"ListItem","position":3,"name":"Gaming","item":"https:\/\/www.asipartner.com\/montreal\/solutions\/gaming\/"},{"@type":"ListItem","position":4,"name":"Intel Optane Memory H10"}]},{"@type":"WebSite","@id":"https:\/\/www.asipartner.com\/montreal\/#website","url":"https:\/\/www.asipartner.com\/montreal\/","name":"ASI Montreal","description":"Just another ASI Partner Sites site","potentialAction":[{"@type":"SearchAction","target":{"@type":"EntryPoint","urlTemplate":"https:\/\/www.asipartner.com\/montreal\/?s={search_term_string}"},"query-input":{"@type":"PropertyValueSpecification","valueRequired":true,"valueName":"search_term_string"}}],"inLanguage":"fr-CA"}]}},"_links":{"self":[{"href":"https:\/\/www.asipartner.com\/montreal\/wp-json\/wp\/v2\/pages\/3798","targetHints":{"allow":["GET"]}}],"collection":[{"href":"https:\/\/www.asipartner.com\/montreal\/wp-json\/wp\/v2\/pages"}],"about":[{"href":"https:\/\/www.asipartner.com\/montreal\/wp-json\/wp\/v2\/types\/page"}],"author":[{"embeddable":true,"href":"https:\/\/www.asipartner.com\/montreal\/wp-json\/wp\/v2\/users\/3"}],"replies":[{"embeddable":true,"href":"https:\/\/www.asipartner.com\/montreal\/wp-json\/wp\/v2\/comments?post=3798"}],"version-history":[{"count":3,"href":"https:\/\/www.asipartner.com\/montreal\/wp-json\/wp\/v2\/pages\/3798\/revisions"}],"predecessor-version":[{"id":6718,"href":"https:\/\/www.asipartner.com\/montreal\/wp-json\/wp\/v2\/pages\/3798\/revisions\/6718"}],"up":[{"embeddable":true,"href":"https:\/\/www.asipartner.com\/montreal\/wp-json\/wp\/v2\/pages\/3788"}],"wp:attachment":[{"href":"https:\/\/www.asipartner.com\/montreal\/wp-json\/wp\/v2\/media?parent=3798"}],"curies":[{"name":"wp","href":"https:\/\/api.w.org\/{rel}","templated":true}]}}