{"id":4426,"date":"2020-11-19T14:28:56","date_gmt":"2020-11-19T22:28:56","guid":{"rendered":"http:\/\/192.168.64.113\/?page_id=4426"},"modified":"2021-04-08T18:34:31","modified_gmt":"2021-04-08T18:34:31","slug":"digital-signage-nuc","status":"publish","type":"page","link":"https:\/\/www.asipartner.com\/montreal\/solutions\/mini-pcs\/digital-signage-nuc\/","title":{"rendered":"Digital Signage &#8211; NUC"},"content":{"rendered":"<p><div class=\"fusion-fullwidth fullwidth-box fusion-builder-row-1 fusion-flex-container nonhundred-percent-fullwidth non-hundred-percent-height-scrolling\" style=\"--awb-border-radius-top-left:0px;--awb-border-radius-top-right:0px;--awb-border-radius-bottom-right:0px;--awb-border-radius-bottom-left:0px;--awb-flex-wrap:wrap;\" ><div class=\"fusion-builder-row fusion-row fusion-flex-align-items-flex-start fusion-flex-content-wrap\" style=\"max-width:1248px;margin-left: calc(-4% \/ 2 );margin-right: calc(-4% \/ 2 );\"><div class=\"fusion-layout-column fusion_builder_column fusion-builder-column-0 fusion_builder_column_1_1 1_1 fusion-flex-column\" style=\"--awb-bg-size:cover;--awb-width-large:100%;--awb-margin-top-large:0px;--awb-spacing-right-large:1.92%;--awb-margin-bottom-large:20px;--awb-spacing-left-large:1.92%;--awb-width-medium:100%;--awb-order-medium:0;--awb-spacing-right-medium:1.92%;--awb-spacing-left-medium:1.92%;--awb-width-small:100%;--awb-order-small:0;--awb-spacing-right-small:1.92%;--awb-spacing-left-small:1.92%;\"><div class=\"fusion-column-wrapper fusion-column-has-shadow fusion-flex-justify-content-flex-start fusion-content-layout-column\"><div class=\"fusion-image-element \" style=\"--awb-caption-title-font-family:var(--h2_typography-font-family);--awb-caption-title-font-weight:var(--h2_typography-font-weight);--awb-caption-title-font-style:var(--h2_typography-font-style);--awb-caption-title-size:var(--h2_typography-font-size);--awb-caption-title-transform:var(--h2_typography-text-transform);--awb-caption-title-line-height:var(--h2_typography-line-height);--awb-caption-title-letter-spacing:var(--h2_typography-letter-spacing);\"><span class=\" fusion-imageframe imageframe-none imageframe-1 hover-type-none\"><img decoding=\"async\" width=\"1200\" height=\"200\" alt=\"Mini PCs Digital Signage\" title=\"Mini PCs Digital Signage\" src=\"https:\/\/www.asipartner.com\/montreal\/wp-content\/uploads\/sites\/3\/2021\/04\/MiniPCsDigitalSignage_FR.jpg\" class=\"img-responsive wp-image-6727\" srcset=\"https:\/\/www.asipartner.com\/montreal\/wp-content\/uploads\/sites\/3\/2021\/04\/MiniPCsDigitalSignage_FR-200x33.jpg 200w, https:\/\/www.asipartner.com\/montreal\/wp-content\/uploads\/sites\/3\/2021\/04\/MiniPCsDigitalSignage_FR-400x67.jpg 400w, https:\/\/www.asipartner.com\/montreal\/wp-content\/uploads\/sites\/3\/2021\/04\/MiniPCsDigitalSignage_FR-600x100.jpg 600w, https:\/\/www.asipartner.com\/montreal\/wp-content\/uploads\/sites\/3\/2021\/04\/MiniPCsDigitalSignage_FR-800x133.jpg 800w, https:\/\/www.asipartner.com\/montreal\/wp-content\/uploads\/sites\/3\/2021\/04\/MiniPCsDigitalSignage_FR.jpg 1200w\" sizes=\"(max-width: 640px) 100vw, 1200px\" \/><\/span><\/div><\/div><\/div><\/div><\/div><div class=\"fusion-fullwidth fullwidth-box fusion-builder-row-2 fusion-flex-container nonhundred-percent-fullwidth non-hundred-percent-height-scrolling\" style=\"--awb-border-radius-top-left:0px;--awb-border-radius-top-right:0px;--awb-border-radius-bottom-right:0px;--awb-border-radius-bottom-left:0px;--awb-flex-wrap:wrap;\" ><div class=\"fusion-builder-row fusion-row fusion-flex-align-items-flex-start fusion-flex-content-wrap\" style=\"max-width:1248px;margin-left: calc(-4% \/ 2 );margin-right: calc(-4% \/ 2 );\"><div class=\"fusion-layout-column fusion_builder_column fusion-builder-column-1 fusion_builder_column_1_1 1_1 fusion-flex-column\" style=\"--awb-bg-size:cover;--awb-width-large:100%;--awb-margin-top-large:0px;--awb-spacing-right-large:1.92%;--awb-margin-bottom-large:20px;--awb-spacing-left-large:1.92%;--awb-width-medium:100%;--awb-order-medium:0;--awb-spacing-right-medium:1.92%;--awb-spacing-left-medium:1.92%;--awb-width-small:100%;--awb-order-small:0;--awb-spacing-right-small:1.92%;--awb-spacing-left-small:1.92%;\"><div class=\"fusion-column-wrapper fusion-column-has-shadow fusion-flex-justify-content-flex-start fusion-content-layout-column\"><div class=\"fusion-text fusion-text-1\"><p>Le march\u00e9 de l&rsquo;affichage num\u00e9rique repr\u00e9sente une opportunit\u00e9 importante pour de nombreux VAR. Avec un taux de croissance annuel compos\u00e9 de 10% et un chiffre d&rsquo;affaires domin\u00e9 par le mat\u00e9riel, le march\u00e9 de l&rsquo;affichage num\u00e9rique aux \u00c9tats-Unis est pass\u00e9 \u00e0 plus de 4,5 milliards de dollars et devrait d\u00e9passer 6,9 milliards de dollars d&rsquo;ici 2025.<\/p>\n<p>L&rsquo;opportunit\u00e9 pour les VAR r\u00e9side dans leurs comp\u00e9tences de base en mati\u00e8re d&rsquo;int\u00e9gration mat\u00e9rielle, de connectivit\u00e9 r\u00e9seau, de services g\u00e9r\u00e9s, de maintenance technique, de service et de support. Avec l&rsquo;\u00e9volution continue du march\u00e9 de l&rsquo;affichage num\u00e9rique, ces ensembles de comp\u00e9tences sont de plus en plus importants pour b\u00e2tir un mod\u00e8le commercial r\u00e9ussi. En outre, les revendeurs \u00e0 valeur ajout\u00e9e peuvent tirer parti des partenariats \u00e9tablis avec des clients sur des march\u00e9s tels que les soins de sant\u00e9, l&rsquo;\u00e9ducation, l&rsquo;h\u00f4tellerie, la vente au d\u00e9tail, les restaurants, etc. Gr\u00e2ce \u00e0 des relations de confiance et \u00e0 une expertise cl\u00e9, les revendeurs \u00e0 valeur ajout\u00e9e sont bien plac\u00e9s pour \u00eatre en mesure d&rsquo;introduire, de mettre en \u0153uvre et de prendre en charge une large gamme d&rsquo;applications d&rsquo;affichage num\u00e9rique.<\/p>\n<p>Le mat\u00e9riel est \u00e0 la base de la solution globale. L&rsquo;Intel NUC est une plate-forme d&rsquo;affichage num\u00e9rique id\u00e9ale, offrant des performances stellaires log\u00e9es dans un facteur de forme carr\u00e9 de 4 pouces, qui peut \u00eatre facilement VESA mont\u00e9 sur un \u00e9cran ou un mur. L&rsquo;Intel NUC dispose de fonctionnalit\u00e9s cruciales pour prendre en charge les solutions d&rsquo;affichage num\u00e9rique les plus exigeantes, telles que la g\u00e9rabilit\u00e9 \u00e0 distance, le cryptage, plusieurs \u00e9crans et la r\u00e9solution 4K.<\/p>\n<p>Intel propose une gamme compl\u00e8te de produits NUC qui peuvent \u00eatre utilis\u00e9s dans les applications d&rsquo;affichage num\u00e9rique en tant que lecteurs multim\u00e9dias pour les petites et moyennes entreprises. Pour des applications plus commerciales et personnalisables, Intel propose le Ruggedized NUC Element qui se compose du bo\u00eetier Austin Beach et du module de calcul Chandler Bay.<\/p>\n<\/div><div class=\"fusion-text fusion-text-2\"><p>L&rsquo;Intel NUC8iXPNH est un syst\u00e8me puissant et flexible qui utilise un Intel Core i7-8665U ou un Core i5-8365U \u00e0 la fois avec 4 Core et Hyper-threading. Il prend \u00e9galement en charge deux moniteurs 4K via 2 ports HDMI, comprend un module Intel AC 9560 sans fil + blue tooth et peut utiliser \u00e0 la fois un SSD M.2 PCIe et un p\u00e9riph\u00e9rique de stockage SATA de 2,5 pouces. La caract\u00e9ristique la plus notable est que ce mod\u00e8le comprend Intel vPro, une technologie essentielle qui permet la gestion \u00e0 distance de l&rsquo;appareil, y compris la possibilit\u00e9 de s&rsquo;allumer \/ s&rsquo;\u00e9teindre \u00e0 distance, ce qui permet au VAR d&rsquo;offrir des services suppl\u00e9mentaires.<\/p>\n<\/div><div class=\"fusion-builder-row fusion-builder-row-inner fusion-row fusion-flex-align-items-flex-start fusion-flex-content-wrap\" style=\"width:104% !important;max-width:104% !important;margin-left: calc(-4% \/ 2 );margin-right: calc(-4% \/ 2 );\"><div class=\"fusion-layout-column fusion_builder_column_inner fusion-builder-nested-column-0 fusion_builder_column_inner_1_1 1_1 fusion-flex-column\" style=\"--awb-bg-size:cover;--awb-width-large:100%;--awb-margin-top-large:0px;--awb-spacing-right-large:1.92%;--awb-margin-bottom-large:20px;--awb-spacing-left-large:1.92%;--awb-width-medium:100%;--awb-order-medium:0;--awb-spacing-right-medium:1.92%;--awb-spacing-left-medium:1.92%;--awb-width-small:100%;--awb-order-small:0;--awb-spacing-right-small:1.92%;--awb-spacing-left-small:1.92%;\"><div class=\"fusion-column-wrapper fusion-column-has-shadow fusion-flex-justify-content-flex-start fusion-content-layout-column\"><div class=\"fusion-content-boxes content-boxes columns row fusion-columns-2 fusion-columns-total-2 fusion-content-boxes-1 content-boxes-icon-on-top content-left\" style=\"--awb-margin-bottom:0px;--awb-hover-accent-color:#00b4d8;--awb-circle-hover-accent-color:#00b4d8;\" data-animationOffset=\"top-into-view\"><div style=\"--awb-backgroundcolor:#f5f5f5;\" class=\"fusion-column content-box-column content-box-column content-box-column-1 col-lg-6 col-md-6 col-sm-6 fusion-content-box-hover content-box-column-first-in-row\"><div class=\"col content-box-wrapper content-wrapper-background link-area-link-icon link-type-text content-icon-wrapper-yes icon-hover-animation-fade\" data-animationOffset=\"top-into-view\"><div class=\"heading heading-with-icon icon-left\"><a class=\"heading-link\" href=\"\/montreal\/239893\" target=\"_self\"><div aria-hidden=\"true\" class=\"image\"><img decoding=\"async\" src=\"https:\/\/www.asipartner.com\/montreal\/wp-content\/uploads\/sites\/3\/2021\/01\/239893.png\" width=\"210\" height=\"110\" alt=\"239893\" \/><\/div><h2 class=\"content-box-heading\" style=\"--h2_typography-font-size:24px;line-height:29px;\">Intel NUC NUC8v5PNH<\/h2><\/a><\/div><div class=\"fusion-clearfix\"><\/div><a class=\" fusion-read-more\" href=\"\/montreal\/239893\" target=\"_self\">ASI SKU# 239893<\/a><div class=\"fusion-clearfix\"><\/div><\/div><\/div><div style=\"--awb-backgroundcolor:#f5f5f5;\" class=\"fusion-column content-box-column content-box-column content-box-column-2 col-lg-6 col-md-6 col-sm-6 fusion-content-box-hover content-box-column-last content-box-column-last-in-row\"><div class=\"col content-box-wrapper content-wrapper-background link-area-link-icon link-type-text content-icon-wrapper-yes icon-hover-animation-fade\" data-animationOffset=\"top-into-view\"><div class=\"heading heading-with-icon icon-left\"><a class=\"heading-link\" href=\"\/montreal\/239900\" target=\"_self\"><div aria-hidden=\"true\" class=\"image\"><img decoding=\"async\" src=\"https:\/\/www.asipartner.com\/montreal\/wp-content\/uploads\/sites\/3\/2021\/01\/239900.png\" width=\"210\" height=\"110\" alt=\"239900\" \/><\/div><h2 class=\"content-box-heading\" style=\"--h2_typography-font-size:24px;line-height:29px;\">Intel NUC NUC8v7PNH<\/h2><\/a><\/div><div class=\"fusion-clearfix\"><\/div><a class=\" fusion-read-more\" href=\"\/montreal\/239900\" target=\"_self\">ASI SKU# 239900<\/a><div class=\"fusion-clearfix\"><\/div><\/div><\/div><div class=\"fusion-clearfix\"><\/div><\/div><\/div><\/div><\/div><div class=\"fusion-text fusion-text-3\"><h4>\u00c9l\u00e9ments Intel NUC<\/h4>\n<p>Les \u00e9l\u00e9ments Intel NUC sont des composants modulaires con\u00e7us pour les march\u00e9s verticaux, y compris la signalisation num\u00e9rique qui comprend l&rsquo;\u00e9l\u00e9ment robuste. La famille NUC Rugged Element est compos\u00e9e de plusieurs \u00e9l\u00e9ments modulaires, dont le Chassis Element (Austin Beach) et le Compute Element (Chandler Bay). Les \u00e9l\u00e9ments de ch\u00e2ssis et de calcul sont disponibles en plusieurs configurations pour offrir une flexibilit\u00e9 maximale en termes de conception du produit. L&rsquo;\u00e9l\u00e9ment de ch\u00e2ssis est une conception r\u00e9sistante \u00e0 la poussi\u00e8re sans ventilateur, disponible en trois configurations diff\u00e9rentes, la seule diff\u00e9rence \u00e9tant la configuration d&rsquo;E \/ S. Le bo\u00eetier comprend une protection contre les surtensions, des antennes dip\u00f4les externes et un kit de montage VESA unique qui a une voiture lat\u00e9rale pour contenir l&rsquo;adaptateur secteur. Il existe sept versions diff\u00e9rentes de l&rsquo;\u00e9l\u00e9ment de calcul qui diff\u00e8rent selon le processeur et la quantit\u00e9 de m\u00e9moire int\u00e9gr\u00e9e, toutes deux fix\u00e9es \u00e0 la carte. Pour Compute Elements, nous recommandons les deux mod\u00e8les avec Intel vPro pour permettre une gestion \u00e0 distance, une s\u00e9curit\u00e9 renforc\u00e9e et une mise sous \/ hors tension \u00e0 distance.<\/p>\n<\/div><\/div><\/div><div class=\"fusion-layout-column fusion_builder_column fusion-builder-column-2 fusion_builder_column_1_1 1_1 fusion-flex-column\" style=\"--awb-bg-size:cover;--awb-width-large:100%;--awb-margin-top-large:0px;--awb-spacing-right-large:1.92%;--awb-margin-bottom-large:20px;--awb-spacing-left-large:1.92%;--awb-width-medium:100%;--awb-order-medium:0;--awb-spacing-right-medium:1.92%;--awb-spacing-left-medium:1.92%;--awb-width-small:100%;--awb-order-small:0;--awb-spacing-right-small:1.92%;--awb-spacing-left-small:1.92%;\"><div class=\"fusion-column-wrapper fusion-column-has-shadow fusion-flex-justify-content-flex-start fusion-content-layout-column\">\n<div class=\"table-1\">\n<table width=\"100%\">\n<tbody>\n<tr>\n<td><strong>Le mod\u00e8le<\/strong><\/td>\n<td><strong>Le produit<\/strong><\/td>\n<td><strong>SKU<\/strong><\/td>\n<td><strong>Partie Intel<\/strong><\/td>\n<td><strong>CPU<\/strong><\/td>\n<td><strong>vPRo<\/strong><\/td>\n<td><strong>Memory<\/strong><\/td>\n<td><strong>Stockage<\/strong><\/td>\n<td><strong>Wifi + BT<\/strong><\/td>\n<\/tr>\n<tr>\n<td><strong>Chandler Bay<\/strong><\/td>\n<td>Compute<\/td>\n<td><a href=\"\/montreal\/241716\">241716<\/a><\/td>\n<td>BKCM8V7CB8N<\/td>\n<td>Ci7-8665U<\/td>\n<td>Yes<\/td>\n<td>8GB<\/td>\n<td>M.2 2280<\/td>\n<td>Intel 9560<\/td>\n<\/tr>\n<tr>\n<td><strong>Chandler Bay<\/strong><\/td>\n<td>Compute<\/td>\n<td><a href=\"\/montreal\/241718\">241718<\/a><\/td>\n<td>BKCM8V5CB8N<\/td>\n<td>Ci7-8665U<\/td>\n<td>Yes<\/td>\n<td>8GB<\/td>\n<td>M.2 2280<\/td>\n<td>Intel 9560<\/td>\n<\/tr>\n<\/tbody>\n<\/table>\n<\/div>\n<\/div><\/div><div class=\"fusion-layout-column fusion_builder_column fusion-builder-column-3 fusion_builder_column_1_1 1_1 fusion-flex-column\" style=\"--awb-bg-size:cover;--awb-width-large:100%;--awb-margin-top-large:0px;--awb-spacing-right-large:1.92%;--awb-margin-bottom-large:20px;--awb-spacing-left-large:1.92%;--awb-width-medium:100%;--awb-order-medium:0;--awb-spacing-right-medium:1.92%;--awb-spacing-left-medium:1.92%;--awb-width-small:100%;--awb-order-small:0;--awb-spacing-right-small:1.92%;--awb-spacing-left-small:1.92%;\"><div class=\"fusion-column-wrapper fusion-column-has-shadow fusion-flex-justify-content-flex-start fusion-content-layout-column\">\n<div class=\"table-1\">\n<table width=\"100%\">\n<tbody>\n<tr>\n<td><strong>Model<\/strong><\/td>\n<td><strong>Product<\/strong><\/td>\n<td><strong>SKU<\/strong><\/td>\n<td><strong>Intel Part<\/strong><\/td>\n<td><strong>HDMI<\/strong><\/td>\n<td><strong>RJ45<\/strong><\/td>\n<td><strong>USB Front<\/strong><\/td>\n<td><strong>USB Back<\/strong><\/td>\n<\/tr>\n<tr>\n<td><strong>Austin Beach<\/strong><\/td>\n<td>Chassis &#8211; Expandable<\/td>\n<td><a href=\"\/montreal\/239733\">239733<\/a><\/td>\n<td>BKCMB1ABA<\/td>\n<td>2<\/td>\n<td>1<\/td>\n<td>1XUSB3.2,1XUSB2.0<\/td>\n<td>2xUSB 3.2<\/td>\n<\/tr>\n<tr>\n<td><strong>Austin Beach<\/strong><\/td>\n<td>Chassis \u2013 Dual LAN<\/td>\n<td><a href=\"\/montreal\/239735\">239735<\/a><\/td>\n<td>BKCMB1ABB<\/td>\n<td>2<\/td>\n<td>2<\/td>\n<td>1XUSB3.2,1XUSB2.0<\/td>\n<td>2XUSB3.2,2XUSB2.0<\/td>\n<\/tr>\n<\/tbody>\n<\/table>\n<\/div>\n<\/div><\/div><\/div><\/div><\/p>\n","protected":false},"excerpt":{"rendered":"","protected":false},"author":3,"featured_media":0,"parent":4424,"menu_order":0,"comment_status":"closed","ping_status":"closed","template":"","meta":{"content-type":"","_monsterinsights_skip_tracking":false,"_monsterinsights_sitenote_active":false,"_monsterinsights_sitenote_note":"","_monsterinsights_sitenote_category":0,"footnotes":""},"class_list":["post-4426","page","type-page","status-publish","hentry"],"yoast_head":"<!-- This site is optimized with the Yoast SEO Premium plugin v26.3 (Yoast SEO v26.3) - https:\/\/yoast.com\/wordpress\/plugins\/seo\/ -->\n<title>Digital Signage - NUC - ASI Montreal<\/title>\n<meta name=\"robots\" content=\"index, follow, max-snippet:-1, max-image-preview:large, max-video-preview:-1\" \/>\n<link rel=\"canonical\" href=\"https:\/\/www.asipartner.com\/montreal\/solutions\/mini-pcs\/digital-signage-nuc\/\" \/>\n<meta property=\"og:locale\" content=\"fr_CA\" \/>\n<meta property=\"og:type\" content=\"article\" \/>\n<meta property=\"og:title\" content=\"Digital Signage - NUC\" \/>\n<meta property=\"og:url\" content=\"https:\/\/www.asipartner.com\/montreal\/solutions\/mini-pcs\/digital-signage-nuc\/\" \/>\n<meta property=\"og:site_name\" content=\"ASI Montreal\" \/>\n<meta property=\"article:modified_time\" content=\"2021-04-08T18:34:31+00:00\" \/>\n<meta name=\"twitter:card\" content=\"summary_large_image\" \/>\n<meta name=\"twitter:label1\" content=\"Estimation du temps de lecture\" \/>\n\t<meta name=\"twitter:data1\" content=\"7 minutes\" \/>\n<script type=\"application\/ld+json\" class=\"yoast-schema-graph\">{\"@context\":\"https:\/\/schema.org\",\"@graph\":[{\"@type\":\"WebPage\",\"@id\":\"https:\/\/www.asipartner.com\/montreal\/solutions\/mini-pcs\/digital-signage-nuc\/\",\"url\":\"https:\/\/www.asipartner.com\/montreal\/solutions\/mini-pcs\/digital-signage-nuc\/\",\"name\":\"Digital Signage - NUC - ASI Montreal\",\"isPartOf\":{\"@id\":\"https:\/\/www.asipartner.com\/montreal\/#website\"},\"datePublished\":\"2020-11-19T22:28:56+00:00\",\"dateModified\":\"2021-04-08T18:34:31+00:00\",\"breadcrumb\":{\"@id\":\"https:\/\/www.asipartner.com\/montreal\/solutions\/mini-pcs\/digital-signage-nuc\/#breadcrumb\"},\"inLanguage\":\"fr-CA\",\"potentialAction\":[{\"@type\":\"ReadAction\",\"target\":[\"https:\/\/www.asipartner.com\/montreal\/solutions\/mini-pcs\/digital-signage-nuc\/\"]}]},{\"@type\":\"BreadcrumbList\",\"@id\":\"https:\/\/www.asipartner.com\/montreal\/solutions\/mini-pcs\/digital-signage-nuc\/#breadcrumb\",\"itemListElement\":[{\"@type\":\"ListItem\",\"position\":1,\"name\":\"Home\",\"item\":\"https:\/\/www.asipartner.com\/montreal\/\"},{\"@type\":\"ListItem\",\"position\":2,\"name\":\"Solutions\",\"item\":\"https:\/\/www.asipartner.com\/montreal\/solutions\/\"},{\"@type\":\"ListItem\",\"position\":3,\"name\":\"Mini PCs\",\"item\":\"https:\/\/www.asipartner.com\/montreal\/solutions\/mini-pcs\/\"},{\"@type\":\"ListItem\",\"position\":4,\"name\":\"Digital Signage &#8211; NUC\"}]},{\"@type\":\"WebSite\",\"@id\":\"https:\/\/www.asipartner.com\/montreal\/#website\",\"url\":\"https:\/\/www.asipartner.com\/montreal\/\",\"name\":\"ASI Montreal\",\"description\":\"Just another ASI Partner Sites site\",\"potentialAction\":[{\"@type\":\"SearchAction\",\"target\":{\"@type\":\"EntryPoint\",\"urlTemplate\":\"https:\/\/www.asipartner.com\/montreal\/?s={search_term_string}\"},\"query-input\":{\"@type\":\"PropertyValueSpecification\",\"valueRequired\":true,\"valueName\":\"search_term_string\"}}],\"inLanguage\":\"fr-CA\"}]}<\/script>\n<!-- \/ Yoast SEO Premium plugin. -->","yoast_head_json":{"title":"Digital Signage - NUC - ASI Montreal","robots":{"index":"index","follow":"follow","max-snippet":"max-snippet:-1","max-image-preview":"max-image-preview:large","max-video-preview":"max-video-preview:-1"},"canonical":"https:\/\/www.asipartner.com\/montreal\/solutions\/mini-pcs\/digital-signage-nuc\/","og_locale":"fr_CA","og_type":"article","og_title":"Digital Signage - NUC","og_url":"https:\/\/www.asipartner.com\/montreal\/solutions\/mini-pcs\/digital-signage-nuc\/","og_site_name":"ASI Montreal","article_modified_time":"2021-04-08T18:34:31+00:00","twitter_card":"summary_large_image","twitter_misc":{"Estimation du temps de lecture":"7 minutes"},"schema":{"@context":"https:\/\/schema.org","@graph":[{"@type":"WebPage","@id":"https:\/\/www.asipartner.com\/montreal\/solutions\/mini-pcs\/digital-signage-nuc\/","url":"https:\/\/www.asipartner.com\/montreal\/solutions\/mini-pcs\/digital-signage-nuc\/","name":"Digital Signage - NUC - ASI Montreal","isPartOf":{"@id":"https:\/\/www.asipartner.com\/montreal\/#website"},"datePublished":"2020-11-19T22:28:56+00:00","dateModified":"2021-04-08T18:34:31+00:00","breadcrumb":{"@id":"https:\/\/www.asipartner.com\/montreal\/solutions\/mini-pcs\/digital-signage-nuc\/#breadcrumb"},"inLanguage":"fr-CA","potentialAction":[{"@type":"ReadAction","target":["https:\/\/www.asipartner.com\/montreal\/solutions\/mini-pcs\/digital-signage-nuc\/"]}]},{"@type":"BreadcrumbList","@id":"https:\/\/www.asipartner.com\/montreal\/solutions\/mini-pcs\/digital-signage-nuc\/#breadcrumb","itemListElement":[{"@type":"ListItem","position":1,"name":"Home","item":"https:\/\/www.asipartner.com\/montreal\/"},{"@type":"ListItem","position":2,"name":"Solutions","item":"https:\/\/www.asipartner.com\/montreal\/solutions\/"},{"@type":"ListItem","position":3,"name":"Mini PCs","item":"https:\/\/www.asipartner.com\/montreal\/solutions\/mini-pcs\/"},{"@type":"ListItem","position":4,"name":"Digital Signage &#8211; NUC"}]},{"@type":"WebSite","@id":"https:\/\/www.asipartner.com\/montreal\/#website","url":"https:\/\/www.asipartner.com\/montreal\/","name":"ASI Montreal","description":"Just another ASI Partner Sites site","potentialAction":[{"@type":"SearchAction","target":{"@type":"EntryPoint","urlTemplate":"https:\/\/www.asipartner.com\/montreal\/?s={search_term_string}"},"query-input":{"@type":"PropertyValueSpecification","valueRequired":true,"valueName":"search_term_string"}}],"inLanguage":"fr-CA"}]}},"_links":{"self":[{"href":"https:\/\/www.asipartner.com\/montreal\/wp-json\/wp\/v2\/pages\/4426","targetHints":{"allow":["GET"]}}],"collection":[{"href":"https:\/\/www.asipartner.com\/montreal\/wp-json\/wp\/v2\/pages"}],"about":[{"href":"https:\/\/www.asipartner.com\/montreal\/wp-json\/wp\/v2\/types\/page"}],"author":[{"embeddable":true,"href":"https:\/\/www.asipartner.com\/montreal\/wp-json\/wp\/v2\/users\/3"}],"replies":[{"embeddable":true,"href":"https:\/\/www.asipartner.com\/montreal\/wp-json\/wp\/v2\/comments?post=4426"}],"version-history":[{"count":7,"href":"https:\/\/www.asipartner.com\/montreal\/wp-json\/wp\/v2\/pages\/4426\/revisions"}],"predecessor-version":[{"id":6762,"href":"https:\/\/www.asipartner.com\/montreal\/wp-json\/wp\/v2\/pages\/4426\/revisions\/6762"}],"up":[{"embeddable":true,"href":"https:\/\/www.asipartner.com\/montreal\/wp-json\/wp\/v2\/pages\/4424"}],"wp:attachment":[{"href":"https:\/\/www.asipartner.com\/montreal\/wp-json\/wp\/v2\/media?parent=4426"}],"curies":[{"name":"wp","href":"https:\/\/api.w.org\/{rel}","templated":true}]}}