{"id":5022,"date":"2020-12-28T10:25:39","date_gmt":"2020-12-28T18:25:39","guid":{"rendered":"http:\/\/192.168.64.113\/?page_id=5022"},"modified":"2021-04-07T18:48:18","modified_gmt":"2021-04-07T18:48:18","slug":"mini-pcs-overview","status":"publish","type":"page","link":"https:\/\/www.asipartner.com\/montreal\/solutions\/mini-pcs\/mini-pcs-overview\/","title":{"rendered":"Mini PCs Overview"},"content":{"rendered":"<p><div class=\"fusion-fullwidth fullwidth-box fusion-builder-row-1 fusion-flex-container nonhundred-percent-fullwidth non-hundred-percent-height-scrolling\" style=\"--awb-border-radius-top-left:0px;--awb-border-radius-top-right:0px;--awb-border-radius-bottom-right:0px;--awb-border-radius-bottom-left:0px;--awb-flex-wrap:wrap;\" ><div class=\"fusion-builder-row fusion-row fusion-flex-align-items-flex-start fusion-flex-content-wrap\" style=\"max-width:1248px;margin-left: calc(-4% \/ 2 );margin-right: calc(-4% \/ 2 );\"><div class=\"fusion-layout-column fusion_builder_column fusion-builder-column-0 fusion_builder_column_1_1 1_1 fusion-flex-column\" style=\"--awb-bg-size:cover;--awb-width-large:100%;--awb-margin-top-large:0px;--awb-spacing-right-large:1.92%;--awb-margin-bottom-large:20px;--awb-spacing-left-large:1.92%;--awb-width-medium:100%;--awb-order-medium:0;--awb-spacing-right-medium:1.92%;--awb-spacing-left-medium:1.92%;--awb-width-small:100%;--awb-order-small:0;--awb-spacing-right-small:1.92%;--awb-spacing-left-small:1.92%;\"><div class=\"fusion-column-wrapper fusion-column-has-shadow fusion-flex-justify-content-flex-start fusion-content-layout-column\"><div class=\"fusion-image-element \" style=\"--awb-caption-title-font-family:var(--h2_typography-font-family);--awb-caption-title-font-weight:var(--h2_typography-font-weight);--awb-caption-title-font-style:var(--h2_typography-font-style);--awb-caption-title-size:var(--h2_typography-font-size);--awb-caption-title-transform:var(--h2_typography-text-transform);--awb-caption-title-line-height:var(--h2_typography-line-height);--awb-caption-title-letter-spacing:var(--h2_typography-letter-spacing);\"><span class=\" fusion-imageframe imageframe-none imageframe-1 hover-type-none\"><img decoding=\"async\" width=\"1200\" height=\"200\" alt=\"Mini PCs Overview\" title=\"Mini PCs Overview\" src=\"https:\/\/www.asipartner.com\/montreal\/wp-content\/uploads\/sites\/3\/2021\/04\/MiniPCsOverview_FR.jpg\" class=\"img-responsive wp-image-6724\" srcset=\"https:\/\/www.asipartner.com\/montreal\/wp-content\/uploads\/sites\/3\/2021\/04\/MiniPCsOverview_FR-200x33.jpg 200w, https:\/\/www.asipartner.com\/montreal\/wp-content\/uploads\/sites\/3\/2021\/04\/MiniPCsOverview_FR-400x67.jpg 400w, https:\/\/www.asipartner.com\/montreal\/wp-content\/uploads\/sites\/3\/2021\/04\/MiniPCsOverview_FR-600x100.jpg 600w, https:\/\/www.asipartner.com\/montreal\/wp-content\/uploads\/sites\/3\/2021\/04\/MiniPCsOverview_FR-800x133.jpg 800w, https:\/\/www.asipartner.com\/montreal\/wp-content\/uploads\/sites\/3\/2021\/04\/MiniPCsOverview_FR.jpg 1200w\" sizes=\"(max-width: 640px) 100vw, 1200px\" \/><\/span><\/div><\/div><\/div><\/div><\/div><div class=\"fusion-fullwidth fullwidth-box fusion-builder-row-2 fusion-flex-container nonhundred-percent-fullwidth non-hundred-percent-height-scrolling\" style=\"--awb-border-radius-top-left:0px;--awb-border-radius-top-right:0px;--awb-border-radius-bottom-right:0px;--awb-border-radius-bottom-left:0px;--awb-flex-wrap:wrap;\" ><div class=\"fusion-builder-row fusion-row fusion-flex-align-items-flex-start fusion-flex-content-wrap\" style=\"max-width:1248px;margin-left: calc(-4% \/ 2 );margin-right: calc(-4% \/ 2 );\"><div class=\"fusion-layout-column fusion_builder_column fusion-builder-column-1 fusion_builder_column_1_1 1_1 fusion-flex-column\" style=\"--awb-bg-size:cover;--awb-width-large:100%;--awb-margin-top-large:0px;--awb-spacing-right-large:1.92%;--awb-margin-bottom-large:20px;--awb-spacing-left-large:1.92%;--awb-width-medium:100%;--awb-order-medium:0;--awb-spacing-right-medium:1.92%;--awb-spacing-left-medium:1.92%;--awb-width-small:100%;--awb-order-small:0;--awb-spacing-right-small:1.92%;--awb-spacing-left-small:1.92%;\"><div class=\"fusion-column-wrapper fusion-column-has-shadow fusion-flex-justify-content-flex-start fusion-content-layout-column\"><div class=\"fusion-text fusion-text-1\"><p>Les PC \u00e0 petit facteur de forme ont \u00e9norm\u00e9ment \u00e9volu\u00e9 au fil des ans et l&rsquo;Intel NUC a \u00e9t\u00e9 \u00e0 la pointe du d\u00e9veloppement technique. Les NUC actuels incluent des mod\u00e8les qui utilisent bon nombre des fonctionnalit\u00e9s les plus avanc\u00e9es que l&rsquo;on trouve couramment dans les ordinateurs de bureau de taille normale, notamment la prise en charge de la m\u00e9moire Intel Optane, de la technologie Intel vPro, du SSD M.2 PCIe et des processeurs Intel Core i7. En outre, les Intel NUC sont disponibles dans une gamme d&rsquo;options de configuration allant de la base qui permet aux VAR de personnaliser la m\u00e9moire et des options de stockage pour compl\u00e9ter les syst\u00e8mes qui incluent m\u00eame un syst\u00e8me d&rsquo;exploitation. Avec la grande vari\u00e9t\u00e9 d&rsquo;options Intel NUC, ces facteurs de forme r\u00e9pondent aux exigences d&rsquo;un large \u00e9ventail de segments de march\u00e9, notamment l&rsquo;affichage num\u00e9rique, les soins de sant\u00e9, les jeux, la bureautique, l&rsquo;informatique \u00e0 usage g\u00e9n\u00e9ral, etc.<\/p>\n<h4>Mini PC &#8211; Intel NUC Elements<\/h4>\n<p>La gamme de produits Intel NUC Element comprend un ensemble de composants modulaires qui peuvent \u00eatre utilis\u00e9s au sein de leur groupe familial sp\u00e9cifique pour cr\u00e9er des PC polyvalents et puissants hautement personnalisables, faciles \u00e0 entretenir et \u00e0 mettre \u00e0 niveau. Les mod\u00e8les incluent le Rugged NUC sans ventilateur pour les applications industrielles, le NUC 9 Pro bas\u00e9 sur Xeon pour les postes de travail et le NUC 9 Extreme pour le march\u00e9 des jeux. En plus de ces syst\u00e8mes, les composants NUC Element peuvent \u00e9galement \u00eatre utilis\u00e9s par les OEM dans une gamme de produits tels que les ordinateurs portables et les PC All In One, ainsi que dans les appareils tr\u00e8s verticaux tels que les kiosques, l&rsquo;affichage num\u00e9rique et d&rsquo;autres syst\u00e8mes qui peuvent b\u00e9n\u00e9ficient d&rsquo;une conception modulaire. <a href=\"\/\/www.asipartner.com\/partners\/intel\/nuc-elements\/\">Cliquez ici <\/a> pour plus d&rsquo;informations sur les \u00e9l\u00e9ments NUC.<\/p>\n<h4>Avantages d&rsquo;Intel NUC et d&rsquo;Intel NUC Elements<\/h4>\n<ol>\n<li>Qualit\u00e9 et fiabilit\u00e9 Intel<\/li>\n<li>Garantie de trois ans<\/li>\n<li>Technologie Intel vPro disponible sur certains mod\u00e8les<\/li>\n<li>Prise en charge des GPU PCIe x16 discrets dans le NUC 9 Pro et le NUC 9 Extreme<\/li>\n<li>Les Intel NUC sont petits par conception, la plupart des mod\u00e8les mesurant 4,6 x 4,4 x 1,55 pouces pour utiliser moins d&rsquo;espace<\/li>\n<li>Aliment\u00e9s par des processeurs mobiles Intel, les NUC et les NUC Rugged Elements consomment moins d&rsquo;\u00e9nergie, sont compacts et silencieux.<\/li>\n<li>Personnalisable et sans marque pour que les revendeurs \u00e0 valeur ajout\u00e9e puissent \u00eatre configur\u00e9s selon les besoins sous la marque de leur entreprise<\/li>\n<li>Haute performance tout autour, y compris les mod\u00e8les prenant en charge les processeurs Intel Core i9, Intel Core i7 et Intel Xeon<\/li>\n<li>Utilise moins d&#8217;emballage, ce qui rend les NUC plus respectueux de l&rsquo;environnement<\/li>\n<li>La taille plus petite et le poids nettement inf\u00e9rieur rendent les NUC moins co\u00fbteux \u00e0 exp\u00e9dier<\/li>\n<\/ol>\n<\/div><div class=\"fusion-image-element \" style=\"--awb-caption-title-font-family:var(--h2_typography-font-family);--awb-caption-title-font-weight:var(--h2_typography-font-weight);--awb-caption-title-font-style:var(--h2_typography-font-style);--awb-caption-title-size:var(--h2_typography-font-size);--awb-caption-title-transform:var(--h2_typography-text-transform);--awb-caption-title-line-height:var(--h2_typography-line-height);--awb-caption-title-letter-spacing:var(--h2_typography-letter-spacing);\"><span class=\" fusion-imageframe imageframe-none imageframe-2 hover-type-none\"><img decoding=\"async\" width=\"600\" height=\"150\" alt=\"Mini Pcs\" title=\"Mini Pcs\" src=\"https:\/\/www.asipartner.com\/montreal\/wp-content\/uploads\/sites\/3\/2021\/01\/Intel-MPC.jpg\" class=\"img-responsive wp-image-5988\" srcset=\"https:\/\/www.asipartner.com\/montreal\/wp-content\/uploads\/sites\/3\/2021\/01\/Intel-MPC-200x50.jpg 200w, https:\/\/www.asipartner.com\/montreal\/wp-content\/uploads\/sites\/3\/2021\/01\/Intel-MPC-400x100.jpg 400w, https:\/\/www.asipartner.com\/montreal\/wp-content\/uploads\/sites\/3\/2021\/01\/Intel-MPC.jpg 600w\" sizes=\"(max-width: 640px) 100vw, 600px\" \/><\/span><\/div><\/div><\/div><\/div><\/div><\/p>\n","protected":false},"excerpt":{"rendered":"","protected":false},"author":3,"featured_media":0,"parent":4424,"menu_order":0,"comment_status":"closed","ping_status":"closed","template":"","meta":{"content-type":"","_monsterinsights_skip_tracking":false,"_monsterinsights_sitenote_active":false,"_monsterinsights_sitenote_note":"","_monsterinsights_sitenote_category":0,"footnotes":""},"class_list":["post-5022","page","type-page","status-publish","hentry"],"yoast_head":"<!-- This site is optimized with the Yoast SEO Premium plugin v26.3 (Yoast SEO v26.3) - https:\/\/yoast.com\/wordpress\/plugins\/seo\/ -->\n<title>Mini PCs Overview - ASI Montreal<\/title>\n<meta name=\"robots\" content=\"index, follow, max-snippet:-1, max-image-preview:large, max-video-preview:-1\" \/>\n<link rel=\"canonical\" href=\"https:\/\/www.asipartner.com\/montreal\/solutions\/mini-pcs\/mini-pcs-overview\/\" \/>\n<meta property=\"og:locale\" content=\"fr_CA\" \/>\n<meta property=\"og:type\" content=\"article\" \/>\n<meta property=\"og:title\" content=\"Mini PCs Overview\" \/>\n<meta property=\"og:url\" content=\"https:\/\/www.asipartner.com\/montreal\/solutions\/mini-pcs\/mini-pcs-overview\/\" \/>\n<meta property=\"og:site_name\" content=\"ASI Montreal\" \/>\n<meta property=\"article:modified_time\" content=\"2021-04-07T18:48:18+00:00\" \/>\n<meta name=\"twitter:card\" content=\"summary_large_image\" \/>\n<meta name=\"twitter:label1\" content=\"Estimation du temps de lecture\" \/>\n\t<meta name=\"twitter:data1\" content=\"4 minutes\" \/>\n<script type=\"application\/ld+json\" class=\"yoast-schema-graph\">{\"@context\":\"https:\/\/schema.org\",\"@graph\":[{\"@type\":\"WebPage\",\"@id\":\"https:\/\/www.asipartner.com\/montreal\/solutions\/mini-pcs\/mini-pcs-overview\/\",\"url\":\"https:\/\/www.asipartner.com\/montreal\/solutions\/mini-pcs\/mini-pcs-overview\/\",\"name\":\"Mini PCs Overview - ASI Montreal\",\"isPartOf\":{\"@id\":\"https:\/\/www.asipartner.com\/montreal\/#website\"},\"datePublished\":\"2020-12-28T18:25:39+00:00\",\"dateModified\":\"2021-04-07T18:48:18+00:00\",\"breadcrumb\":{\"@id\":\"https:\/\/www.asipartner.com\/montreal\/solutions\/mini-pcs\/mini-pcs-overview\/#breadcrumb\"},\"inLanguage\":\"fr-CA\",\"potentialAction\":[{\"@type\":\"ReadAction\",\"target\":[\"https:\/\/www.asipartner.com\/montreal\/solutions\/mini-pcs\/mini-pcs-overview\/\"]}]},{\"@type\":\"BreadcrumbList\",\"@id\":\"https:\/\/www.asipartner.com\/montreal\/solutions\/mini-pcs\/mini-pcs-overview\/#breadcrumb\",\"itemListElement\":[{\"@type\":\"ListItem\",\"position\":1,\"name\":\"Home\",\"item\":\"https:\/\/www.asipartner.com\/montreal\/\"},{\"@type\":\"ListItem\",\"position\":2,\"name\":\"Solutions\",\"item\":\"https:\/\/www.asipartner.com\/montreal\/solutions\/\"},{\"@type\":\"ListItem\",\"position\":3,\"name\":\"Mini PCs\",\"item\":\"https:\/\/www.asipartner.com\/montreal\/solutions\/mini-pcs\/\"},{\"@type\":\"ListItem\",\"position\":4,\"name\":\"Mini PCs Overview\"}]},{\"@type\":\"WebSite\",\"@id\":\"https:\/\/www.asipartner.com\/montreal\/#website\",\"url\":\"https:\/\/www.asipartner.com\/montreal\/\",\"name\":\"ASI Montreal\",\"description\":\"Just another ASI Partner Sites site\",\"potentialAction\":[{\"@type\":\"SearchAction\",\"target\":{\"@type\":\"EntryPoint\",\"urlTemplate\":\"https:\/\/www.asipartner.com\/montreal\/?s={search_term_string}\"},\"query-input\":{\"@type\":\"PropertyValueSpecification\",\"valueRequired\":true,\"valueName\":\"search_term_string\"}}],\"inLanguage\":\"fr-CA\"}]}<\/script>\n<!-- \/ Yoast SEO Premium plugin. -->","yoast_head_json":{"title":"Mini PCs Overview - ASI Montreal","robots":{"index":"index","follow":"follow","max-snippet":"max-snippet:-1","max-image-preview":"max-image-preview:large","max-video-preview":"max-video-preview:-1"},"canonical":"https:\/\/www.asipartner.com\/montreal\/solutions\/mini-pcs\/mini-pcs-overview\/","og_locale":"fr_CA","og_type":"article","og_title":"Mini PCs Overview","og_url":"https:\/\/www.asipartner.com\/montreal\/solutions\/mini-pcs\/mini-pcs-overview\/","og_site_name":"ASI Montreal","article_modified_time":"2021-04-07T18:48:18+00:00","twitter_card":"summary_large_image","twitter_misc":{"Estimation du temps de lecture":"4 minutes"},"schema":{"@context":"https:\/\/schema.org","@graph":[{"@type":"WebPage","@id":"https:\/\/www.asipartner.com\/montreal\/solutions\/mini-pcs\/mini-pcs-overview\/","url":"https:\/\/www.asipartner.com\/montreal\/solutions\/mini-pcs\/mini-pcs-overview\/","name":"Mini PCs Overview - ASI Montreal","isPartOf":{"@id":"https:\/\/www.asipartner.com\/montreal\/#website"},"datePublished":"2020-12-28T18:25:39+00:00","dateModified":"2021-04-07T18:48:18+00:00","breadcrumb":{"@id":"https:\/\/www.asipartner.com\/montreal\/solutions\/mini-pcs\/mini-pcs-overview\/#breadcrumb"},"inLanguage":"fr-CA","potentialAction":[{"@type":"ReadAction","target":["https:\/\/www.asipartner.com\/montreal\/solutions\/mini-pcs\/mini-pcs-overview\/"]}]},{"@type":"BreadcrumbList","@id":"https:\/\/www.asipartner.com\/montreal\/solutions\/mini-pcs\/mini-pcs-overview\/#breadcrumb","itemListElement":[{"@type":"ListItem","position":1,"name":"Home","item":"https:\/\/www.asipartner.com\/montreal\/"},{"@type":"ListItem","position":2,"name":"Solutions","item":"https:\/\/www.asipartner.com\/montreal\/solutions\/"},{"@type":"ListItem","position":3,"name":"Mini PCs","item":"https:\/\/www.asipartner.com\/montreal\/solutions\/mini-pcs\/"},{"@type":"ListItem","position":4,"name":"Mini PCs Overview"}]},{"@type":"WebSite","@id":"https:\/\/www.asipartner.com\/montreal\/#website","url":"https:\/\/www.asipartner.com\/montreal\/","name":"ASI Montreal","description":"Just another ASI Partner Sites site","potentialAction":[{"@type":"SearchAction","target":{"@type":"EntryPoint","urlTemplate":"https:\/\/www.asipartner.com\/montreal\/?s={search_term_string}"},"query-input":{"@type":"PropertyValueSpecification","valueRequired":true,"valueName":"search_term_string"}}],"inLanguage":"fr-CA"}]}},"_links":{"self":[{"href":"https:\/\/www.asipartner.com\/montreal\/wp-json\/wp\/v2\/pages\/5022","targetHints":{"allow":["GET"]}}],"collection":[{"href":"https:\/\/www.asipartner.com\/montreal\/wp-json\/wp\/v2\/pages"}],"about":[{"href":"https:\/\/www.asipartner.com\/montreal\/wp-json\/wp\/v2\/types\/page"}],"author":[{"embeddable":true,"href":"https:\/\/www.asipartner.com\/montreal\/wp-json\/wp\/v2\/users\/3"}],"replies":[{"embeddable":true,"href":"https:\/\/www.asipartner.com\/montreal\/wp-json\/wp\/v2\/comments?post=5022"}],"version-history":[{"count":2,"href":"https:\/\/www.asipartner.com\/montreal\/wp-json\/wp\/v2\/pages\/5022\/revisions"}],"predecessor-version":[{"id":6728,"href":"https:\/\/www.asipartner.com\/montreal\/wp-json\/wp\/v2\/pages\/5022\/revisions\/6728"}],"up":[{"embeddable":true,"href":"https:\/\/www.asipartner.com\/montreal\/wp-json\/wp\/v2\/pages\/4424"}],"wp:attachment":[{"href":"https:\/\/www.asipartner.com\/montreal\/wp-json\/wp\/v2\/media?parent=5022"}],"curies":[{"name":"wp","href":"https:\/\/api.w.org\/{rel}","templated":true}]}}