{"id":5158,"date":"2021-01-05T14:16:01","date_gmt":"2021-01-05T22:16:01","guid":{"rendered":"http:\/\/192.168.64.113\/?page_id=5158"},"modified":"2021-04-07T18:55:08","modified_gmt":"2021-04-07T18:55:08","slug":"intel-660p-ssd-with-qlc-nand","status":"publish","type":"page","link":"https:\/\/www.asipartner.com\/montreal\/solutions\/storage\/intel-660p-ssd-with-qlc-nand\/","title":{"rendered":"Intel 660P SSD with QLC NAND"},"content":{"rendered":"<p><div class=\"fusion-fullwidth fullwidth-box fusion-builder-row-1 fusion-flex-container nonhundred-percent-fullwidth non-hundred-percent-height-scrolling\" style=\"--awb-border-radius-top-left:0px;--awb-border-radius-top-right:0px;--awb-border-radius-bottom-right:0px;--awb-border-radius-bottom-left:0px;--awb-flex-wrap:wrap;\" ><div class=\"fusion-builder-row fusion-row fusion-flex-align-items-flex-start fusion-flex-content-wrap\" style=\"max-width:1248px;margin-left: calc(-4% \/ 2 );margin-right: calc(-4% \/ 2 );\"><div class=\"fusion-layout-column fusion_builder_column fusion-builder-column-0 fusion_builder_column_1_1 1_1 fusion-flex-column\" style=\"--awb-bg-size:cover;--awb-width-large:100%;--awb-margin-top-large:0px;--awb-spacing-right-large:1.92%;--awb-margin-bottom-large:20px;--awb-spacing-left-large:1.92%;--awb-width-medium:100%;--awb-order-medium:0;--awb-spacing-right-medium:1.92%;--awb-spacing-left-medium:1.92%;--awb-width-small:100%;--awb-order-small:0;--awb-spacing-right-small:1.92%;--awb-spacing-left-small:1.92%;\"><div class=\"fusion-column-wrapper fusion-column-has-shadow fusion-flex-justify-content-flex-start fusion-content-layout-column\"><div class=\"fusion-image-element \" style=\"--awb-caption-title-font-family:var(--h2_typography-font-family);--awb-caption-title-font-weight:var(--h2_typography-font-weight);--awb-caption-title-font-style:var(--h2_typography-font-style);--awb-caption-title-size:var(--h2_typography-font-size);--awb-caption-title-transform:var(--h2_typography-text-transform);--awb-caption-title-line-height:var(--h2_typography-line-height);--awb-caption-title-letter-spacing:var(--h2_typography-letter-spacing);\"><span class=\" fusion-imageframe imageframe-none imageframe-1 hover-type-none\"><img decoding=\"async\" width=\"1200\" height=\"200\" alt=\"Intel SSD 660P\" title=\"Intel SSD 660P\" src=\"https:\/\/www.asipartner.com\/montreal\/wp-content\/uploads\/sites\/3\/2021\/04\/IntelSSD660P_1200x200_FR.jpg\" class=\"img-responsive wp-image-6732\" srcset=\"https:\/\/www.asipartner.com\/montreal\/wp-content\/uploads\/sites\/3\/2021\/04\/IntelSSD660P_1200x200_FR-200x33.jpg 200w, https:\/\/www.asipartner.com\/montreal\/wp-content\/uploads\/sites\/3\/2021\/04\/IntelSSD660P_1200x200_FR-400x67.jpg 400w, https:\/\/www.asipartner.com\/montreal\/wp-content\/uploads\/sites\/3\/2021\/04\/IntelSSD660P_1200x200_FR-600x100.jpg 600w, https:\/\/www.asipartner.com\/montreal\/wp-content\/uploads\/sites\/3\/2021\/04\/IntelSSD660P_1200x200_FR-800x133.jpg 800w, https:\/\/www.asipartner.com\/montreal\/wp-content\/uploads\/sites\/3\/2021\/04\/IntelSSD660P_1200x200_FR.jpg 1200w\" sizes=\"(max-width: 640px) 100vw, 1200px\" \/><\/span><\/div><\/div><\/div><\/div><\/div><div class=\"fusion-fullwidth fullwidth-box fusion-builder-row-2 fusion-flex-container nonhundred-percent-fullwidth non-hundred-percent-height-scrolling\" style=\"--awb-border-radius-top-left:0px;--awb-border-radius-top-right:0px;--awb-border-radius-bottom-right:0px;--awb-border-radius-bottom-left:0px;--awb-flex-wrap:wrap;\" ><div class=\"fusion-builder-row fusion-row fusion-flex-align-items-flex-start fusion-flex-content-wrap\" style=\"max-width:1248px;margin-left: calc(-4% \/ 2 );margin-right: calc(-4% \/ 2 );\"><div class=\"fusion-layout-column fusion_builder_column fusion-builder-column-1 fusion_builder_column_1_1 1_1 fusion-flex-column\" style=\"--awb-bg-size:cover;--awb-width-large:100%;--awb-margin-top-large:0px;--awb-spacing-right-large:1.92%;--awb-margin-bottom-large:20px;--awb-spacing-left-large:1.92%;--awb-width-medium:100%;--awb-order-medium:0;--awb-spacing-right-medium:1.92%;--awb-spacing-left-medium:1.92%;--awb-width-small:100%;--awb-order-small:0;--awb-spacing-right-small:1.92%;--awb-spacing-left-small:1.92%;\"><div class=\"fusion-column-wrapper fusion-column-has-shadow fusion-flex-justify-content-flex-start fusion-content-layout-column\"><div class=\"fusion-text fusion-text-1\"><h4>Pr\u00e9sentation du SSD Intel 660P<\/h4>\n<p>Intel a r\u00e9cemment pr\u00e9sent\u00e9 le nouveau SSD Intel 660P, qui est un SSD M.2 PCIe Gen 3 x 4 disponible dans des capacit\u00e9s allant de 512 Go \u00e0 2 To. Le 660P est \u00e9galement le premier lecteur SSD client \u00e0 utiliser QLC, ou Quad Level Cell NAND. QLC est une nouvelle technologie NAND qui augmente la densit\u00e9 du module NAND en ajoutant un bit de donn\u00e9es suppl\u00e9mentaire \u00e0 chaque cellule de m\u00e9moire, ce qui r\u00e9duit le co\u00fbt par gigaoctet, rapprochant les SSD de plus en plus du prix des disques durs.<\/p>\n<p>L&rsquo;Intel 660P poss\u00e8de plusieurs fonctionnalit\u00e9s qui en font une solution unique pour le march\u00e9 des clients, et une solution que les revendeurs peuvent exploiter pour diff\u00e9rencier leurs syst\u00e8mes, ainsi que pour offrir plus de valeur \u00e0 leurs clients. Le principal changement apport\u00e9 \u00e0 l&rsquo;Intel 660P est qu&rsquo;il utilise le NAND QLC 3D 64 couches. QLC NAND offre le principal avantage d&rsquo;avoir un co\u00fbt par gigaoctet plus bas, ce qui est particuli\u00e8rement attrayant pour le march\u00e9 client. De plus, l&rsquo;Intel 660P est un SSD M.2 PCIe, il offre donc la capacit\u00e9 de d\u00e9bit totale du PCIe, \u00e9vitant les limitations de goulot d&rsquo;\u00e9tranglement du SATA. Puisqu&rsquo;il s&rsquo;agit d&rsquo;un format M.2, les revendeurs n&rsquo;ont pas besoin de c\u00e2bles ou d&rsquo;adaptateurs sp\u00e9ciaux, ce qui facilite l&rsquo;int\u00e9gration dans un syst\u00e8me de bureau.<\/p>\n<\/div><div class=\"fusion-text fusion-text-2\"><h4>Pourquoi utiliser PCIe?<\/h4>\n<p>Le but de l&rsquo;achat d&rsquo;un SSD est d&rsquo;am\u00e9liorer les performances de votre PC, donc limiter votre SSD \u00e0 un d\u00e9bit maximal de 600 Mo \/ s du bus SATA est contre-productif. PCIe 3.0 offre beaucoup plus de potentiel car il est capable d&rsquo;environ 1000 Mo \/ s par voie, de sorte que m\u00eame le plus petit PCIex2 peut fournir pr\u00e8s de 3 fois le d\u00e9bit de SATA III. L&rsquo;Intel 660P utilise un connecteur PCIe 3.0 x4 qui prendra en charge un d\u00e9bit de 4000 Mo \/ s. L&rsquo;utilisation d&rsquo;un bus PCIe permet au SSD d&rsquo;atteindre son plein potentiel de performances.<\/p>\n<p><img decoding=\"async\" class=\"aligncenter wp-image-5165 size-full\" title=\"Intel 660P Maximum Theoretical Speeds\" src=\"https:\/\/www.asipartner.com\/montreal\/wp-content\/uploads\/sites\/3\/2021\/01\/Intel660PSpeeds.jpg\" alt=\"Intel 660P Maximum Theoretical Speeds\" width=\"497\" height=\"301\" srcset=\"https:\/\/www.asipartner.com\/montreal\/wp-content\/uploads\/sites\/3\/2021\/01\/Intel660PSpeeds-200x121.jpg 200w, https:\/\/www.asipartner.com\/montreal\/wp-content\/uploads\/sites\/3\/2021\/01\/Intel660PSpeeds-300x182.jpg 300w, https:\/\/www.asipartner.com\/montreal\/wp-content\/uploads\/sites\/3\/2021\/01\/Intel660PSpeeds-400x242.jpg 400w, https:\/\/www.asipartner.com\/montreal\/wp-content\/uploads\/sites\/3\/2021\/01\/Intel660PSpeeds.jpg 497w\" sizes=\"(max-width: 497px) 100vw, 497px\" \/><\/p>\n<\/div><div class=\"fusion-text fusion-text-3\"><h4>Pourquoi M.2 est-il un meilleur facteur de forme pour les PC clients?<\/h4>\n<p>SATA est l&rsquo;interface la moins co\u00fbteuse et constitue la connexion standard des solutions de stockage depuis des g\u00e9n\u00e9rations.Il \u00e9tait donc logique d&rsquo;utiliser cette interface lorsque les SSD ont \u00e9t\u00e9 introduits pour la premi\u00e8re fois sur le march\u00e9. Au fil du temps, cependant, de nouveaux facteurs de forme et types de connexion ont \u00e9t\u00e9 introduits pour prendre en charge les SSD dans divers appareils, y compris les PC. Avec cela est venu la sortie de la connexion M.2 qui est disponible sur les cartes m\u00e8res depuis 2015. M.2 fournit une connexion PCIe qui permet aux revendeurs d&rsquo;int\u00e9grer facilement un SSD PCIe sans avoir besoin de c\u00e2bles sp\u00e9ciaux ou de cartes d&rsquo;interface.<\/p>\n<\/div><div class=\"fusion-text fusion-text-4\"><h4>Qu&rsquo;est-ce que la 3D NAND?<\/h4>\n<p><img decoding=\"async\" class=\"alignright wp-image-5163 size-full\" title=\"Intel 660P 3D NAND\" src=\"https:\/\/www.asipartner.com\/montreal\/wp-content\/uploads\/sites\/3\/2021\/01\/Intel660P3D.jpg\" alt=\"Intel 660P 3D NAND\" width=\"350\" height=\"186\" srcset=\"https:\/\/www.asipartner.com\/montreal\/wp-content\/uploads\/sites\/3\/2021\/01\/Intel660P3D-200x106.jpg 200w, https:\/\/www.asipartner.com\/montreal\/wp-content\/uploads\/sites\/3\/2021\/01\/Intel660P3D-300x159.jpg 300w, https:\/\/www.asipartner.com\/montreal\/wp-content\/uploads\/sites\/3\/2021\/01\/Intel660P3D.jpg 350w\" sizes=\"(max-width: 350px) 100vw, 350px\" \/>Le delta de prix entre le SSD et le disque dur a rendu une transition injustifiable pour la plupart des utilisateurs de bureau. La cl\u00e9 pour r\u00e9duire le co\u00fbt a \u00e9t\u00e9 d&rsquo;augmenter la capacit\u00e9 de stockage dans le m\u00eame espace physique, ou d&rsquo;am\u00e9liorer la densit\u00e9 de la NAND. Pour ce faire, l&rsquo;industrie a d\u00e9velopp\u00e9 plusieurs technologies, dont l&rsquo;introduction de la 3D NAND, qui consistait essentiellement \u00e0 empiler les cellules verticalement plut\u00f4t qu&rsquo;horizontalement, de sorte que les cellules NAND sont empil\u00e9es comme des planchers dans un gratte-ciel. Aujourd&rsquo;hui, 3D NAND est propos\u00e9 en 32 ou 64 couches, et plus tard cette ann\u00e9e, nous verrons l&rsquo;introduction de 96 couches NAND. L&#8217;empilement horizontal des couches permet d&rsquo;avoir plus de cellules NAND dans le m\u00eame espace physique, ce qui am\u00e9liore la densit\u00e9 et, par cons\u00e9quent, contribue \u00e0 r\u00e9duire les co\u00fbts.<\/p>\n<\/div><div class=\"fusion-text fusion-text-5\"><h4>Qu&rsquo;est-ce que QLC NAND?<\/h4>\n<p>L&rsquo;autre m\u00e9thode pour am\u00e9liorer la densit\u00e9 de stockage consiste \u00e0 augmenter le nombre de bits pouvant \u00eatre stock\u00e9s dans chaque cellule NAND. Le NAND TLC actuel permet trois bits par cellule, et le dernier QLC prend en charge quatre bits par cellule, ce qui augmente la densit\u00e9 de bits de 33% par rapport \u00e0 TLC NAND. Avec chaque augmentation de bits par cellule, il y a une augmentation de la capacit\u00e9 de stockage et une r\u00e9duction des co\u00fbts.<\/p>\n<p><img decoding=\"async\" class=\"aligncenter wp-image-5164 size-full\" title=\"QLC=More Density Per NAND Cell\" src=\"https:\/\/www.asipartner.com\/montreal\/wp-content\/uploads\/sites\/3\/2021\/01\/Intel660PQLC.jpg\" alt=\"QLC=More Density Per NAND Cell\" width=\"540\" height=\"283\" srcset=\"https:\/\/www.asipartner.com\/montreal\/wp-content\/uploads\/sites\/3\/2021\/01\/Intel660PQLC-200x105.jpg 200w, https:\/\/www.asipartner.com\/montreal\/wp-content\/uploads\/sites\/3\/2021\/01\/Intel660PQLC-300x157.jpg 300w, https:\/\/www.asipartner.com\/montreal\/wp-content\/uploads\/sites\/3\/2021\/01\/Intel660PQLC-400x210.jpg 400w, https:\/\/www.asipartner.com\/montreal\/wp-content\/uploads\/sites\/3\/2021\/01\/Intel660PQLC.jpg 540w\" sizes=\"(max-width: 540px) 100vw, 540px\" \/><\/p>\n<\/div><div class=\"fusion-text fusion-text-6\"><h4>Remarque sur les performances et le cycle de vie<\/h4>\n<p>Comme mentionn\u00e9, QLC NAND se compose de 4 bits par cellule, ce qui augmente la densit\u00e9 et la capacit\u00e9 de stockage, et contribue \u00e0 r\u00e9duire les co\u00fbts. Du point de vue de la conception, l&rsquo;augmentation du nombre de bits par cellule augmente la complexit\u00e9 de la gestion de ces bits et augmente la probabilit\u00e9 d&rsquo;une erreur, donc compenser cela r\u00e9duit les performances par rapport aux g\u00e9n\u00e9rations pr\u00e9c\u00e9dentes de NAND. De plus, l&rsquo;augmentation du nombre de bits par cellule augmente le nombre de fois o\u00f9 des charges \u00e9lectriques sont utilis\u00e9es pour modifier l&rsquo;\u00e9tat des bits, ce qui diminue finalement le cycle de vie du lecteur. Avec cela, QLC a moins d&rsquo;endurance et de performances que TLC, qui a moins que MLC, et qui a moins que SLC. Par cons\u00e9quent, \u00e0 chaque augmentation du nombre de bits par cellule, nous constatons \u00e0 la fois une diminution des performances et de l&rsquo;endurance par rapport \u00e0 la g\u00e9n\u00e9ration pr\u00e9c\u00e9dente de NAND.<\/p>\n<p><strong>Remarque sur les performances<\/strong><br \/>\nIl est important de noter que lorsque nous parlons de diminution des performances entre QLC et TLC, par exemple, nous comparons cela au niveau NAND. Il existe des techniques qui peuvent \u00eatre d\u00e9ploy\u00e9es pour aider \u00e0 am\u00e9liorer les performances du lecteur, il peut donc y avoir des cas o\u00f9 un lecteur QLC surpasse ou s&rsquo;approche tr\u00e8s pr\u00e8s des performances d&rsquo;un lecteur TLC, par exemple. La solution la plus importante pour am\u00e9liorer les performances est l&rsquo;utilisation du cache et les logarithmes du contr\u00f4leur. Dans le cas de l&rsquo;Intel 660P, ils utilisent plusieurs techniques de mise en cache qui incluent de la DRAM, du cache SLC et une solution appel\u00e9e cache dynamique, qui traite une partie de QLC comme SLC lorsque cela est n\u00e9cessaire et quand le temps le permet. Il s&rsquo;agit d&rsquo;une technique tr\u00e8s efficace dans les lecteurs grand public, o\u00f9 il y a g\u00e9n\u00e9ralement une abondance de temps id\u00e9al pour vider le cache. Dans d&rsquo;autres applications \u00e0 forte utilisation, cela peut ne pas fonctionner correctement par rapport \u00e0 d&rsquo;autres solutions SSD, mais comme indiqu\u00e9, l&rsquo;Intel 660P cible le march\u00e9 client en tant que remplacement du disque dur, o\u00f9 il surpasse de loin ces options.<\/p>\n<p><strong>Remarque sur le cycle de vie du SSD<\/strong><br \/>\nEn termes d&rsquo;endurance, plusieurs points m\u00e9ritent d&rsquo;\u00eatre mentionn\u00e9s. Premi\u00e8rement, nous savons que lorsqu&rsquo;une cellule change d&rsquo;\u00e9tat \u00e0 la suite d&rsquo;une charge \u00e9lectrique, cette cellule est d\u00e9grad\u00e9e et ne peut finalement plus changer. Cela signifie essentiellement que le lecteur ou la cellule ne peut plus \u00eatre \u00e9crit, laissant les donn\u00e9es toujours lisibles, mais non inscriptibles ni accessibles en tant que lecteur de d\u00e9marrage. Cela s&rsquo;est pr\u00eat\u00e9 \u00e0 une pr\u00e9occupation consid\u00e9rable sur le march\u00e9, mais en v\u00e9rit\u00e9, cela pr\u00e9sente des avantages &#8211; principalement le fait qu&rsquo;un \u00e9tat utile des lecteurs peut \u00eatre pr\u00e9dit. En d&rsquo;autres termes, vous pouvez utiliser un logiciel pour d\u00e9terminer combien de temps le disque pourra \u00eatre \u00e9crit, par rapport \u00e0 un disque dur, qui peut tomber en panne \u00e0 tout moment sans avertissement. De plus, le cycle de vie de l&rsquo;Intel 660P est de 0,1 DWPD ou Drive Writes Per Day. Cela signifie qu&rsquo;un utilisateur final ou un utilisateur client peut \u00e9crire 100 Go de donn\u00e9es par jour tous les jours pendant 5 ans, la garantie de l&rsquo;Intel 660P avant les cellules du lecteur sera compl\u00e8tement d\u00e9grad\u00e9e. L\u2019utilisateur moyen \u00e9crira entre 20 Go et 40 Go par jour. Ainsi, m\u00eame avec QLC NAND, l\u2019Intel 660P d\u00e9passera de loin les besoins de l\u2019utilisateur typique.<\/p>\n<\/div><div class=\"fusion-text fusion-text-7\"><h4>Bonnes, meilleures, meilleures solutions pour les PC clients<\/h4>\n<p>Pour les revendeurs qui proposent des PC clients \u00e0 leurs clients qui cherchent \u00e0 diff\u00e9rencier leur syst\u00e8me, \u00e0 ajouter de la valeur pour l&rsquo;utilisateur final et \u00e0 augmenter leur profit potentiel, l&rsquo;ajout d&rsquo;un SSD est une excellente option. Compte tenu de la vari\u00e9t\u00e9 des choix et des diff\u00e9rences de performances, ainsi que des co\u00fbts, les consommateurs auront besoin de l&rsquo;expertise du revendeur pour fournir les conseils appropri\u00e9s. En tant que leader et innovateur de la technologie SSD, Intel dispose d&rsquo;une gamme compl\u00e8te de produits qui permet aux revendeurs d&rsquo;offrir \u00e0 leurs clients la meilleure solution pour leurs besoins. L&rsquo;Intel 660P est un excellent choix pour les PC grand public. Il est disponible en options de 512 Go et 1 To, a un co\u00fbt par gigaoctet inf\u00e9rieur en raison de l&rsquo;utilisation du nouveau QLC NAND, est facile \u00e0 int\u00e9grer avec la connexion M.2, et surtout, il n&rsquo;est pas limit\u00e9 par l&rsquo;interface SATA car il utilise un bus PCIex4, et est \u00e9galement livr\u00e9 avec une garantie de 5 ans leader de l&rsquo;industrie.<\/p>\n<\/div><\/div><\/div><\/div><\/div><\/p>\n","protected":false},"excerpt":{"rendered":"","protected":false},"author":3,"featured_media":0,"parent":5152,"menu_order":0,"comment_status":"closed","ping_status":"closed","template":"","meta":{"content-type":"","_monsterinsights_skip_tracking":false,"_monsterinsights_sitenote_active":false,"_monsterinsights_sitenote_note":"","_monsterinsights_sitenote_category":0,"footnotes":""},"class_list":["post-5158","page","type-page","status-publish","hentry"],"yoast_head":"<!-- This site is optimized with the Yoast SEO Premium plugin v26.3 (Yoast SEO v26.3) - https:\/\/yoast.com\/wordpress\/plugins\/seo\/ -->\n<title>Intel 660P SSD with QLC NAND - ASI Montreal<\/title>\n<meta name=\"description\" content=\"The Intel 660P SSD is an M.2 PCIe Gen 3 x 4 SSD available in capacities from 512GB to 2TB and the first client solid state drive to utilize QLC, or Quad Level Cell NAND.\" \/>\n<meta name=\"robots\" content=\"index, follow, max-snippet:-1, max-image-preview:large, max-video-preview:-1\" \/>\n<link rel=\"canonical\" href=\"https:\/\/www.asipartner.com\/montreal\/solutions\/storage\/intel-660p-ssd-with-qlc-nand\/\" \/>\n<meta property=\"og:locale\" content=\"fr_CA\" \/>\n<meta property=\"og:type\" content=\"article\" \/>\n<meta property=\"og:title\" content=\"Intel 660P SSD with QLC NAND\" \/>\n<meta property=\"og:description\" content=\"The Intel 660P SSD is an M.2 PCIe Gen 3 x 4 SSD available in capacities from 512GB to 2TB and the first client solid state drive to utilize QLC, or Quad Level Cell NAND.\" \/>\n<meta property=\"og:url\" content=\"https:\/\/www.asipartner.com\/montreal\/solutions\/storage\/intel-660p-ssd-with-qlc-nand\/\" \/>\n<meta property=\"og:site_name\" content=\"ASI Montreal\" \/>\n<meta property=\"article:modified_time\" content=\"2021-04-07T18:55:08+00:00\" \/>\n<meta property=\"og:image\" content=\"https:\/\/www.asipartner.com\/montreal\/wp-content\/uploads\/sites\/3\/2021\/01\/Intel660PSpeeds.jpg\" \/>\n<meta name=\"twitter:card\" content=\"summary_large_image\" \/>\n<meta name=\"twitter:label1\" content=\"Estimation du temps de lecture\" \/>\n\t<meta name=\"twitter:data1\" content=\"9 minutes\" \/>\n<script type=\"application\/ld+json\" class=\"yoast-schema-graph\">{\"@context\":\"https:\/\/schema.org\",\"@graph\":[{\"@type\":\"WebPage\",\"@id\":\"https:\/\/www.asipartner.com\/montreal\/solutions\/storage\/intel-660p-ssd-with-qlc-nand\/\",\"url\":\"https:\/\/www.asipartner.com\/montreal\/solutions\/storage\/intel-660p-ssd-with-qlc-nand\/\",\"name\":\"Intel 660P SSD with QLC NAND - ASI Montreal\",\"isPartOf\":{\"@id\":\"https:\/\/www.asipartner.com\/montreal\/#website\"},\"primaryImageOfPage\":{\"@id\":\"https:\/\/www.asipartner.com\/montreal\/solutions\/storage\/intel-660p-ssd-with-qlc-nand\/#primaryimage\"},\"image\":{\"@id\":\"https:\/\/www.asipartner.com\/montreal\/solutions\/storage\/intel-660p-ssd-with-qlc-nand\/#primaryimage\"},\"thumbnailUrl\":\"https:\/\/www.asipartner.com\/montreal\/wp-content\/uploads\/sites\/3\/2021\/01\/Intel660PSpeeds.jpg\",\"datePublished\":\"2021-01-05T22:16:01+00:00\",\"dateModified\":\"2021-04-07T18:55:08+00:00\",\"description\":\"The Intel 660P SSD is an M.2 PCIe Gen 3 x 4 SSD available in capacities from 512GB to 2TB and the first client solid state drive to utilize QLC, or Quad Level Cell NAND.\",\"breadcrumb\":{\"@id\":\"https:\/\/www.asipartner.com\/montreal\/solutions\/storage\/intel-660p-ssd-with-qlc-nand\/#breadcrumb\"},\"inLanguage\":\"fr-CA\",\"potentialAction\":[{\"@type\":\"ReadAction\",\"target\":[\"https:\/\/www.asipartner.com\/montreal\/solutions\/storage\/intel-660p-ssd-with-qlc-nand\/\"]}]},{\"@type\":\"ImageObject\",\"inLanguage\":\"fr-CA\",\"@id\":\"https:\/\/www.asipartner.com\/montreal\/solutions\/storage\/intel-660p-ssd-with-qlc-nand\/#primaryimage\",\"url\":\"https:\/\/www.asipartner.com\/montreal\/wp-content\/uploads\/sites\/3\/2021\/01\/Intel660PSpeeds.jpg\",\"contentUrl\":\"https:\/\/www.asipartner.com\/montreal\/wp-content\/uploads\/sites\/3\/2021\/01\/Intel660PSpeeds.jpg\",\"width\":497,\"height\":301,\"caption\":\"Intel 660P Speeds\"},{\"@type\":\"BreadcrumbList\",\"@id\":\"https:\/\/www.asipartner.com\/montreal\/solutions\/storage\/intel-660p-ssd-with-qlc-nand\/#breadcrumb\",\"itemListElement\":[{\"@type\":\"ListItem\",\"position\":1,\"name\":\"Home\",\"item\":\"https:\/\/www.asipartner.com\/montreal\/\"},{\"@type\":\"ListItem\",\"position\":2,\"name\":\"Solutions\",\"item\":\"https:\/\/www.asipartner.com\/montreal\/solutions\/\"},{\"@type\":\"ListItem\",\"position\":3,\"name\":\"Storage\",\"item\":\"https:\/\/www.asipartner.com\/montreal\/solutions\/storage\/\"},{\"@type\":\"ListItem\",\"position\":4,\"name\":\"Intel 660P SSD with QLC NAND\"}]},{\"@type\":\"WebSite\",\"@id\":\"https:\/\/www.asipartner.com\/montreal\/#website\",\"url\":\"https:\/\/www.asipartner.com\/montreal\/\",\"name\":\"ASI Montreal\",\"description\":\"Just another ASI Partner Sites site\",\"potentialAction\":[{\"@type\":\"SearchAction\",\"target\":{\"@type\":\"EntryPoint\",\"urlTemplate\":\"https:\/\/www.asipartner.com\/montreal\/?s={search_term_string}\"},\"query-input\":{\"@type\":\"PropertyValueSpecification\",\"valueRequired\":true,\"valueName\":\"search_term_string\"}}],\"inLanguage\":\"fr-CA\"}]}<\/script>\n<!-- \/ Yoast SEO Premium plugin. -->","yoast_head_json":{"title":"Intel 660P SSD with QLC NAND - ASI Montreal","description":"The Intel 660P SSD is an M.2 PCIe Gen 3 x 4 SSD available in capacities from 512GB to 2TB and the first client solid state drive to utilize QLC, or Quad Level Cell NAND.","robots":{"index":"index","follow":"follow","max-snippet":"max-snippet:-1","max-image-preview":"max-image-preview:large","max-video-preview":"max-video-preview:-1"},"canonical":"https:\/\/www.asipartner.com\/montreal\/solutions\/storage\/intel-660p-ssd-with-qlc-nand\/","og_locale":"fr_CA","og_type":"article","og_title":"Intel 660P SSD with QLC NAND","og_description":"The Intel 660P SSD is an M.2 PCIe Gen 3 x 4 SSD available in capacities from 512GB to 2TB and the first client solid state drive to utilize QLC, or Quad Level Cell NAND.","og_url":"https:\/\/www.asipartner.com\/montreal\/solutions\/storage\/intel-660p-ssd-with-qlc-nand\/","og_site_name":"ASI Montreal","article_modified_time":"2021-04-07T18:55:08+00:00","og_image":[{"url":"https:\/\/www.asipartner.com\/montreal\/wp-content\/uploads\/sites\/3\/2021\/01\/Intel660PSpeeds.jpg","type":"","width":"","height":""}],"twitter_card":"summary_large_image","twitter_misc":{"Estimation du temps de lecture":"9 minutes"},"schema":{"@context":"https:\/\/schema.org","@graph":[{"@type":"WebPage","@id":"https:\/\/www.asipartner.com\/montreal\/solutions\/storage\/intel-660p-ssd-with-qlc-nand\/","url":"https:\/\/www.asipartner.com\/montreal\/solutions\/storage\/intel-660p-ssd-with-qlc-nand\/","name":"Intel 660P SSD with QLC NAND - ASI Montreal","isPartOf":{"@id":"https:\/\/www.asipartner.com\/montreal\/#website"},"primaryImageOfPage":{"@id":"https:\/\/www.asipartner.com\/montreal\/solutions\/storage\/intel-660p-ssd-with-qlc-nand\/#primaryimage"},"image":{"@id":"https:\/\/www.asipartner.com\/montreal\/solutions\/storage\/intel-660p-ssd-with-qlc-nand\/#primaryimage"},"thumbnailUrl":"https:\/\/www.asipartner.com\/montreal\/wp-content\/uploads\/sites\/3\/2021\/01\/Intel660PSpeeds.jpg","datePublished":"2021-01-05T22:16:01+00:00","dateModified":"2021-04-07T18:55:08+00:00","description":"The Intel 660P SSD is an M.2 PCIe Gen 3 x 4 SSD available in capacities from 512GB to 2TB and the first client solid state drive to utilize QLC, or Quad Level Cell NAND.","breadcrumb":{"@id":"https:\/\/www.asipartner.com\/montreal\/solutions\/storage\/intel-660p-ssd-with-qlc-nand\/#breadcrumb"},"inLanguage":"fr-CA","potentialAction":[{"@type":"ReadAction","target":["https:\/\/www.asipartner.com\/montreal\/solutions\/storage\/intel-660p-ssd-with-qlc-nand\/"]}]},{"@type":"ImageObject","inLanguage":"fr-CA","@id":"https:\/\/www.asipartner.com\/montreal\/solutions\/storage\/intel-660p-ssd-with-qlc-nand\/#primaryimage","url":"https:\/\/www.asipartner.com\/montreal\/wp-content\/uploads\/sites\/3\/2021\/01\/Intel660PSpeeds.jpg","contentUrl":"https:\/\/www.asipartner.com\/montreal\/wp-content\/uploads\/sites\/3\/2021\/01\/Intel660PSpeeds.jpg","width":497,"height":301,"caption":"Intel 660P Speeds"},{"@type":"BreadcrumbList","@id":"https:\/\/www.asipartner.com\/montreal\/solutions\/storage\/intel-660p-ssd-with-qlc-nand\/#breadcrumb","itemListElement":[{"@type":"ListItem","position":1,"name":"Home","item":"https:\/\/www.asipartner.com\/montreal\/"},{"@type":"ListItem","position":2,"name":"Solutions","item":"https:\/\/www.asipartner.com\/montreal\/solutions\/"},{"@type":"ListItem","position":3,"name":"Storage","item":"https:\/\/www.asipartner.com\/montreal\/solutions\/storage\/"},{"@type":"ListItem","position":4,"name":"Intel 660P SSD with QLC NAND"}]},{"@type":"WebSite","@id":"https:\/\/www.asipartner.com\/montreal\/#website","url":"https:\/\/www.asipartner.com\/montreal\/","name":"ASI Montreal","description":"Just another ASI Partner Sites site","potentialAction":[{"@type":"SearchAction","target":{"@type":"EntryPoint","urlTemplate":"https:\/\/www.asipartner.com\/montreal\/?s={search_term_string}"},"query-input":{"@type":"PropertyValueSpecification","valueRequired":true,"valueName":"search_term_string"}}],"inLanguage":"fr-CA"}]}},"_links":{"self":[{"href":"https:\/\/www.asipartner.com\/montreal\/wp-json\/wp\/v2\/pages\/5158","targetHints":{"allow":["GET"]}}],"collection":[{"href":"https:\/\/www.asipartner.com\/montreal\/wp-json\/wp\/v2\/pages"}],"about":[{"href":"https:\/\/www.asipartner.com\/montreal\/wp-json\/wp\/v2\/types\/page"}],"author":[{"embeddable":true,"href":"https:\/\/www.asipartner.com\/montreal\/wp-json\/wp\/v2\/users\/3"}],"replies":[{"embeddable":true,"href":"https:\/\/www.asipartner.com\/montreal\/wp-json\/wp\/v2\/comments?post=5158"}],"version-history":[{"count":4,"href":"https:\/\/www.asipartner.com\/montreal\/wp-json\/wp\/v2\/pages\/5158\/revisions"}],"predecessor-version":[{"id":6735,"href":"https:\/\/www.asipartner.com\/montreal\/wp-json\/wp\/v2\/pages\/5158\/revisions\/6735"}],"up":[{"embeddable":true,"href":"https:\/\/www.asipartner.com\/montreal\/wp-json\/wp\/v2\/pages\/5152"}],"wp:attachment":[{"href":"https:\/\/www.asipartner.com\/montreal\/wp-json\/wp\/v2\/media?parent=5158"}],"curies":[{"name":"wp","href":"https:\/\/api.w.org\/{rel}","templated":true}]}}